{"id":11360,"date":"2023-12-12T15:23:43","date_gmt":"2023-12-12T20:23:43","guid":{"rendered":"https:\/\/publideces.com\/avis-de-deces\/france-renaud\/"},"modified":"2023-12-12T15:23:43","modified_gmt":"2023-12-12T20:23:43","slug":"france-renaud","status":"publish","type":"obituary","link":"https:\/\/publideces.com\/en\/obituaries\/france-renaud\/","title":{"rendered":"France Renaud"},"content":{"rendered":"","protected":false},"featured_media":1733,"comment_status":"open","ping_status":"open","template":"","class_list":["post-11360","obituary","type-obituary","status-publish","has-post-thumbnail","hentry"],"acf":{"email_obituary":"","death_place":"","obituary_birth_date":"14 June 1959","obituary_death_date":"30 June 2018","death_age":"59 years old","obituary_description":"At H\u00f4pital du Saint-Sacrement in Quebec City, on June 30, 2018, at the age of 59, Madame France Renaud passed away. The deceased is survived by her husband, Alain Roy; her daughters, Karina Tardif (Jean-Philippe), Val\u00e9rie Tardif (Simon); her stepsons, Martin Roy (Nathalie), J\u00e9r\u00f4me Roy (Sylvie); her brother, Jean (Johanne); her sister, Line (Yvon); her nieces, \u00c9milie Lachance (Fr\u00e9d\u00e9ric), Anne-Marie Lachance (\u00c9milie); her aunt, Violette Rioux; her cousins; her in-laws; and her friends. ","exposition":{"location":"Charlesbourg","address":"","repeater":[{"date":"","starting_hour":"","ending_hour":""}]},"ceremony":{"location":"","address":"","repeater":[{"date":"","starting_hour":"","ending_hour":""}]},"burrial":{"location":"","specific_location":"","address":"","repeater":[{"date":"","starting_hour":"","ending_hour":""}]},"reception":{"location":"","address":"","repeater":[{"date":"","starting_hour":"","ending_hour":""}]},"thanks":"","organism_list":[],"other_organisms":"","funeral_home":[666],"other_funeral_homes":"","memoriam_option":"none","memoriam_images_base_repeater":null,"memoriam_images_premium_repeater":null,"qr_plaque_option":"none","qr_plaque_quantity":0},"_links":{"self":[{"href":"https:\/\/publideces.com\/en\/wp-json\/wp\/v2\/obituary\/11360","targetHints":{"allow":["GET"]}}],"collection":[{"href":"https:\/\/publideces.com\/en\/wp-json\/wp\/v2\/obituary"}],"about":[{"href":"https:\/\/publideces.com\/en\/wp-json\/wp\/v2\/types\/obituary"}],"replies":[{"embeddable":true,"href":"https:\/\/publideces.com\/en\/wp-json\/wp\/v2\/comments?post=11360"}],"acf:post":[{"embeddable":true,"href":"https:\/\/publideces.com\/en\/wp-json\/wp\/v2\/funeral_home\/666"}],"wp:featuredmedia":[{"embeddable":true,"href":"https:\/\/publideces.com\/en\/wp-json\/wp\/v2\/media\/1733"}],"wp:attachment":[{"href":"https:\/\/publideces.com\/en\/wp-json\/wp\/v2\/media?parent=11360"}],"curies":[{"name":"wp","href":"https:\/\/api.w.org\/{rel}","templated":true}]}}

At Hôpital du Saint-Sacrement in Quebec City, on June 30, 2018, at the age of 59, Madame France Renaud passed away. The deceased is survived by her husband, Alain Roy; her daughters, Karina Tardif (Jean-Philippe), Valérie Tardif (Simon); her stepsons, Martin Roy (Nathalie), Jérôme Roy (Sylvie); her brother, Jean (Johanne); her sister, Line (Yvon); her nieces, Émilie Lachance (Frédéric), Anne-Marie Lachance (Émilie); her aunt, Violette Rioux; her cousins; her in-laws; and her friends.
