{"id":11402,"date":"2023-12-12T15:24:15","date_gmt":"2023-12-12T20:24:15","guid":{"rendered":"https:\/\/publideces.com\/avis-de-deces\/francine-guy\/"},"modified":"2023-12-12T15:24:15","modified_gmt":"2023-12-12T20:24:15","slug":"francine-guy","status":"publish","type":"obituary","link":"https:\/\/publideces.com\/en\/obituaries\/francine-guy\/","title":{"rendered":"Francine Guy"},"content":{"rendered":"","protected":false},"featured_media":0,"comment_status":"open","ping_status":"open","template":"","class_list":["post-11402","obituary","type-obituary","status-publish","hentry"],"acf":{"email_obituary":"","death_place":"","obituary_birth_date":"18 February 1937","obituary_death_date":"2 December 2018","death_age":"81 years old","obituary_description":"At Pierre Boucher Hospital, Ms. Francine Guy passed away at the age of 81. She is survived by her children: Sylvie (Gino), Michelle (Yves), France (\u00c9ric), Fran\u00e7ois (Sylvie), and her grandchildren Vincent, Charles-Olivier, Geoffrey, Simon, and L\u00e9a. ","exposition":{"location":"Longueuil","address":"","repeater":[{"date":"","starting_hour":"","ending_hour":""}]},"ceremony":{"location":"","address":"","repeater":[{"date":"","starting_hour":"","ending_hour":""}]},"burrial":{"location":"","specific_location":"","address":"","repeater":[{"date":"","starting_hour":"","ending_hour":""}]},"reception":{"location":"","address":"","repeater":[{"date":"","starting_hour":"","ending_hour":""}]},"thanks":"","organism_list":[],"other_organisms":"","funeral_home":[666],"other_funeral_homes":"","memoriam_option":"none","memoriam_images_base_repeater":null,"memoriam_images_premium_repeater":null,"qr_plaque_option":"none","qr_plaque_quantity":0},"_links":{"self":[{"href":"https:\/\/publideces.com\/en\/wp-json\/wp\/v2\/obituary\/11402","targetHints":{"allow":["GET"]}}],"collection":[{"href":"https:\/\/publideces.com\/en\/wp-json\/wp\/v2\/obituary"}],"about":[{"href":"https:\/\/publideces.com\/en\/wp-json\/wp\/v2\/types\/obituary"}],"replies":[{"embeddable":true,"href":"https:\/\/publideces.com\/en\/wp-json\/wp\/v2\/comments?post=11402"}],"acf:post":[{"embeddable":true,"href":"https:\/\/publideces.com\/en\/wp-json\/wp\/v2\/funeral_home\/666"}],"wp:attachment":[{"href":"https:\/\/publideces.com\/en\/wp-json\/wp\/v2\/media?parent=11402"}],"curies":[{"name":"wp","href":"https:\/\/api.w.org\/{rel}","templated":true}]}}

At Pierre Boucher Hospital, Ms. Francine Guy passed away at the age of 81. She is survived by her children: Sylvie (Gino), Michelle (Yves), France (Éric), François (Sylvie), and her grandchildren Vincent, Charles-Olivier, Geoffrey, Simon, and Léa.
