{"id":11419,"date":"2023-12-12T15:24:51","date_gmt":"2023-12-12T20:24:51","guid":{"rendered":"https:\/\/publideces.com\/avis-de-deces\/louise-verge\/"},"modified":"2023-12-12T15:24:51","modified_gmt":"2023-12-12T20:24:51","slug":"louise-verge","status":"publish","type":"obituary","link":"https:\/\/publideces.com\/en\/obituaries\/louise-verge\/","title":{"rendered":"Louise Verge"},"content":{"rendered":"","protected":false},"featured_media":1975,"comment_status":"open","ping_status":"open","template":"","class_list":["post-11419","obituary","type-obituary","status-publish","has-post-thumbnail","hentry"],"acf":{"email_obituary":"","death_place":"","obituary_birth_date":"12 November 1928","obituary_death_date":"23 June 2019","death_age":"90 years old","obituary_description":"At Saint-Bridgid's Home residence in Sillery, on June 23, 2019, at the age of 90, passed away Mrs. Louise Verge B\u00e9dard, wife of the late Mr. G\u00e9rard B\u00e9dard, daughter of Mrs. Jos\u00e9phine Grogan and the late Edmond Verge. She is survived by her children: Marc (Suzanne Charbonneau), Suzanne (the late Marcel Trudeau) and Eveline (Francesca Trudeau); her grandchildren: Alexandre, Catherine, Mathieu and Roxanne, as well as her great-grandchildren Dax and Jaimie; her sisters-in-law No\u00eblla (Andr\u00e9 Brodrique), Monique (the late Jocelyn Harwey), her brother-in-law Gilles (the late Pierrette Grenier), as well as many nephews, nieces and friends. ","exposition":{"location":"Fossambault-sur-le-Lac","address":"","repeater":[{"date":"","starting_hour":"","ending_hour":""}]},"ceremony":{"location":"","address":"","repeater":[{"date":"","starting_hour":"","ending_hour":""}]},"burrial":{"location":"","specific_location":"","address":"","repeater":[{"date":"","starting_hour":"","ending_hour":""}]},"reception":{"location":"","address":"","repeater":[{"date":"","starting_hour":"","ending_hour":""}]},"thanks":"","organism_list":[],"other_organisms":"","funeral_home":[666],"other_funeral_homes":"","memoriam_option":"none","memoriam_images_base_repeater":null,"memoriam_images_premium_repeater":null,"qr_plaque_option":"none","qr_plaque_quantity":0},"_links":{"self":[{"href":"https:\/\/publideces.com\/en\/wp-json\/wp\/v2\/obituary\/11419","targetHints":{"allow":["GET"]}}],"collection":[{"href":"https:\/\/publideces.com\/en\/wp-json\/wp\/v2\/obituary"}],"about":[{"href":"https:\/\/publideces.com\/en\/wp-json\/wp\/v2\/types\/obituary"}],"replies":[{"embeddable":true,"href":"https:\/\/publideces.com\/en\/wp-json\/wp\/v2\/comments?post=11419"}],"acf:post":[{"embeddable":true,"href":"https:\/\/publideces.com\/en\/wp-json\/wp\/v2\/funeral_home\/666"}],"wp:featuredmedia":[{"embeddable":true,"href":"https:\/\/publideces.com\/en\/wp-json\/wp\/v2\/media\/1975"}],"wp:attachment":[{"href":"https:\/\/publideces.com\/en\/wp-json\/wp\/v2\/media?parent=11419"}],"curies":[{"name":"wp","href":"https:\/\/api.w.org\/{rel}","templated":true}]}}

At Saint-Bridgid's Home residence in Sillery, on June 23, 2019, at the age of 90, passed away Mrs. Louise Verge Bédard, wife of the late Mr. Gérard Bédard, daughter of Mrs. Joséphine Grogan and the late Edmond Verge. She is survived by her children: Marc (Suzanne Charbonneau), Suzanne (the late Marcel Trudeau) and Eveline (Francesca Trudeau); her grandchildren: Alexandre, Catherine, Mathieu and Roxanne, as well as her great-grandchildren Dax and Jaimie; her sisters-in-law Noëlla (André Brodrique), Monique (the late Jocelyn Harwey), her brother-in-law Gilles (the late Pierrette Grenier), as well as many nephews, nieces and friends.
