{"id":11436,"date":"2023-12-12T15:24:56","date_gmt":"2023-12-12T20:24:56","guid":{"rendered":"https:\/\/publideces.com\/avis-de-deces\/marc-bernet\/"},"modified":"2023-12-12T15:24:56","modified_gmt":"2023-12-12T20:24:56","slug":"marc-bernet","status":"publish","type":"obituary","link":"https:\/\/publideces.com\/en\/obituaries\/marc-bernet\/","title":{"rendered":"Marc Bernet"},"content":{"rendered":"","protected":false},"featured_media":1994,"comment_status":"open","ping_status":"open","template":"","class_list":["post-11436","obituary","type-obituary","status-publish","has-post-thumbnail","hentry"],"acf":{"email_obituary":"","death_place":"","obituary_birth_date":"20 September 1956","obituary_death_date":"25 September 2019","death_age":"63 years old","obituary_description":"In La Prairie, on September 25, 2019, at the age of 63, Mr. Marc Bernet, husband of Ginette Bourdua, passed away. He is survived by his wife, his children Sophie (Gabriel), Philippe, and Jessica, as well as his stepchildren Genevi\u00e8ve (Benoit), Bruno (M\u00e9lissa), and Fran\u00e7ois (Arseli). His grandchildren M\u00e9gane, No\u00e9mie, \u00c9lie, Mathias, \u00c9mile, Arnaud. His sisters H\u00e9l\u00e8ne and \u00c9liane, his sisters-in-law Yvonne Duval (the late Roger) and Linda Beauvais (the late Daniel), his brother-in-law R\u00e9jean Coallier (the late Christiane), his uncle Victor Giordanengo, his aunts Lucie Torelli and Rachel Bernet, as well as many nephews, nieces, cousins, and friends.   ","exposition":{"location":"La Prairie","address":"","repeater":[{"date":"","starting_hour":"","ending_hour":""}]},"ceremony":{"location":"","address":"","repeater":[{"date":"","starting_hour":"","ending_hour":""}]},"burrial":{"location":"","specific_location":"","address":"","repeater":[{"date":"","starting_hour":"","ending_hour":""}]},"reception":{"location":"","address":"","repeater":[{"date":"","starting_hour":"","ending_hour":""}]},"thanks":"","organism_list":[],"other_organisms":"","funeral_home":[666],"other_funeral_homes":"","memoriam_option":"none","memoriam_images_base_repeater":null,"memoriam_images_premium_repeater":null,"qr_plaque_option":"none","qr_plaque_quantity":0},"_links":{"self":[{"href":"https:\/\/publideces.com\/en\/wp-json\/wp\/v2\/obituary\/11436","targetHints":{"allow":["GET"]}}],"collection":[{"href":"https:\/\/publideces.com\/en\/wp-json\/wp\/v2\/obituary"}],"about":[{"href":"https:\/\/publideces.com\/en\/wp-json\/wp\/v2\/types\/obituary"}],"replies":[{"embeddable":true,"href":"https:\/\/publideces.com\/en\/wp-json\/wp\/v2\/comments?post=11436"}],"acf:post":[{"embeddable":true,"href":"https:\/\/publideces.com\/en\/wp-json\/wp\/v2\/funeral_home\/666"}],"wp:featuredmedia":[{"embeddable":true,"href":"https:\/\/publideces.com\/en\/wp-json\/wp\/v2\/media\/1994"}],"wp:attachment":[{"href":"https:\/\/publideces.com\/en\/wp-json\/wp\/v2\/media?parent=11436"}],"curies":[{"name":"wp","href":"https:\/\/api.w.org\/{rel}","templated":true}]}}

In La Prairie, on September 25, 2019, at the age of 63, Mr. Marc Bernet, husband of Ginette Bourdua, passed away. He is survived by his wife, his children Sophie (Gabriel), Philippe, and Jessica, as well as his stepchildren Geneviève (Benoit), Bruno (Mélissa), and François (Arseli). His grandchildren Mégane, Noémie, Élie, Mathias, Émile, Arnaud. His sisters Hélène and Éliane, his sisters-in-law Yvonne Duval (the late Roger) and Linda Beauvais (the late Daniel), his brother-in-law Réjean Coallier (the late Christiane), his uncle Victor Giordanengo, his aunts Lucie Torelli and Rachel Bernet, as well as many nephews, nieces, cousins, and friends.
