{"id":11444,"date":"2023-12-12T15:25:05","date_gmt":"2023-12-12T20:25:05","guid":{"rendered":"https:\/\/publideces.com\/avis-de-deces\/florian-langlois\/"},"modified":"2023-12-12T15:25:05","modified_gmt":"2023-12-12T20:25:05","slug":"florian-langlois","status":"publish","type":"obituary","link":"https:\/\/publideces.com\/en\/obituaries\/florian-langlois\/","title":{"rendered":"Florian Langlois"},"content":{"rendered":"","protected":false},"featured_media":2019,"comment_status":"open","ping_status":"open","template":"","class_list":["post-11444","obituary","type-obituary","status-publish","has-post-thumbnail","hentry"],"acf":{"email_obituary":"","death_place":"","obituary_birth_date":"20 February 1960","obituary_death_date":"15 November 2019","death_age":"59 years old","obituary_description":"Passed away at the H\u00f4tel-Dieu de Qu\u00e9bec hospital on November 15, 2019, at the age of 59, Mr. Florian Langlois, residing in Port-Daniel-Gascon (Gasp\u00e9sie). He was the son of the late Ob\u00e9line Dorion and the late Jean-Cl\u00e9ment Langlois. He is survived by his brothers and sister: R\u00e9al (Sylvie), Michel (Manon), Sylvie (Richard), Chantal, Annette (Michel), and H\u00e9bert, as well as many nephews, nieces, grand-nephews, grand-nieces, and friends.  ","exposition":{"location":"Port-Daniel-Gascon","address":"","repeater":[{"date":"","starting_hour":"","ending_hour":""}]},"ceremony":{"location":"","address":"","repeater":[{"date":"","starting_hour":"","ending_hour":""}]},"burrial":{"location":"","specific_location":"","address":"","repeater":[{"date":"","starting_hour":"","ending_hour":""}]},"reception":{"location":"","address":"","repeater":[{"date":"","starting_hour":"","ending_hour":""}]},"thanks":"","organism_list":[],"other_organisms":"","funeral_home":[666],"other_funeral_homes":"","memoriam_option":"none","memoriam_images_base_repeater":null,"memoriam_images_premium_repeater":null,"qr_plaque_option":"none","qr_plaque_quantity":0},"_links":{"self":[{"href":"https:\/\/publideces.com\/en\/wp-json\/wp\/v2\/obituary\/11444","targetHints":{"allow":["GET"]}}],"collection":[{"href":"https:\/\/publideces.com\/en\/wp-json\/wp\/v2\/obituary"}],"about":[{"href":"https:\/\/publideces.com\/en\/wp-json\/wp\/v2\/types\/obituary"}],"replies":[{"embeddable":true,"href":"https:\/\/publideces.com\/en\/wp-json\/wp\/v2\/comments?post=11444"}],"acf:post":[{"embeddable":true,"href":"https:\/\/publideces.com\/en\/wp-json\/wp\/v2\/funeral_home\/666"}],"wp:featuredmedia":[{"embeddable":true,"href":"https:\/\/publideces.com\/en\/wp-json\/wp\/v2\/media\/2019"}],"wp:attachment":[{"href":"https:\/\/publideces.com\/en\/wp-json\/wp\/v2\/media?parent=11444"}],"curies":[{"name":"wp","href":"https:\/\/api.w.org\/{rel}","templated":true}]}}

Passed away at the Hôtel-Dieu de Québec hospital on November 15, 2019, at the age of 59, Mr. Florian Langlois, residing in Port-Daniel-Gascon (Gaspésie). He was the son of the late Obéline Dorion and the late Jean-Clément Langlois. He is survived by his brothers and sister: Réal (Sylvie), Michel (Manon), Sylvie (Richard), Chantal, Annette (Michel), and Hébert, as well as many nephews, nieces, grand-nephews, grand-nieces, and friends.
