{"id":11502,"date":"2023-12-12T15:26:31","date_gmt":"2023-12-12T20:26:31","guid":{"rendered":"https:\/\/publideces.com\/avis-de-deces\/roch-trudel\/"},"modified":"2023-12-12T15:26:31","modified_gmt":"2023-12-12T20:26:31","slug":"roch-trudel","status":"publish","type":"obituary","link":"https:\/\/publideces.com\/en\/obituaries\/roch-trudel\/","title":{"rendered":"Roch Trudel"},"content":{"rendered":"","protected":false},"featured_media":2405,"comment_status":"open","ping_status":"open","template":"","class_list":["post-11502","obituary","type-obituary","status-publish","has-post-thumbnail","hentry"],"acf":{"email_obituary":"","death_place":"","obituary_birth_date":"22 February 1966","obituary_death_date":"22 March 2023","death_age":"57 years old","obituary_description":"<p style=\"margin: 0cm; tab-stops: 446.55pt; background: white;\"><span lang=\"FR-CA\" style=\"font-size: 13.5pt; font-family: 'Arial',sans-serif; color: #000033;\">At H\u00f4pital de l'Enfant-J\u00e9sus, on March 22, 2023, Mr. Roch Trudel passed away at the age of 57 years and 1 month. He resided in L'Ancienne-Lorette and was originally from La Malbaie, son of the late Mr. Marc Trudel and the late Mrs. Ghislaine Boily.  <\/span><\/p>\n<p style=\"margin: 0cm; tab-stops: 446.55pt; background: white;\"><span lang=\"FR-CA\" style=\"font-size: 13.5pt; font-family: 'Arial',sans-serif; color: #000033;\"> <\/span><\/p>\n<p style=\"margin: 0cm; tab-stops: 446.55pt; background: white;\"><span lang=\"FR-CA\" style=\"font-size: 13.5pt; font-family: 'Arial',sans-serif; color: #000033;\">He is survived by his brother and sisters: Michel (Caroline), Louise (St\u00e9phane), Denise (Idola), Nicole (Michel), his nephews and niece, Isra\u00ebl (Cathrine), B\u00e9n\u00e9dict (Karine), Fr\u00e9d\u00e9rique (K\u00e9vin), as well as great-nephews and great-niece, relatives and friends.<\/span><\/p>","exposition":{"location":"Saint-Mathieu Church 3155 Chemin des Quatre-Bourgeois, Sainte-Foy","address":"","repeater":[{"date":"","starting_hour":"","ending_hour":""}]},"ceremony":{"location":"Saint-Mathieu Church","address":"","repeater":[{"date":"","starting_hour":"","ending_hour":""}]},"burrial":{"location":"","specific_location":"","address":"","repeater":[{"date":"","starting_hour":"","ending_hour":""}]},"reception":{"location":"","address":"","repeater":[{"date":"","starting_hour":"","ending_hour":""}]},"thanks":"Expressions of sympathy may be made through a donation to the Heart and Stroke Foundation <a href=\"http:\/\/www.coeuretavc.ca\/\">www.coeuretavc.ca<\/a>","organism_list":[],"other_organisms":"","funeral_home":[666],"other_funeral_homes":"","memoriam_option":"none","memoriam_images_base_repeater":null,"memoriam_images_premium_repeater":null,"qr_plaque_option":"none","qr_plaque_quantity":0},"_links":{"self":[{"href":"https:\/\/publideces.com\/en\/wp-json\/wp\/v2\/obituary\/11502","targetHints":{"allow":["GET"]}}],"collection":[{"href":"https:\/\/publideces.com\/en\/wp-json\/wp\/v2\/obituary"}],"about":[{"href":"https:\/\/publideces.com\/en\/wp-json\/wp\/v2\/types\/obituary"}],"replies":[{"embeddable":true,"href":"https:\/\/publideces.com\/en\/wp-json\/wp\/v2\/comments?post=11502"}],"acf:post":[{"embeddable":true,"href":"https:\/\/publideces.com\/en\/wp-json\/wp\/v2\/funeral_home\/666"}],"wp:featuredmedia":[{"embeddable":true,"href":"https:\/\/publideces.com\/en\/wp-json\/wp\/v2\/media\/2405"}],"wp:attachment":[{"href":"https:\/\/publideces.com\/en\/wp-json\/wp\/v2\/media?parent=11502"}],"curies":[{"name":"wp","href":"https:\/\/api.w.org\/{rel}","templated":true}]}}

<p style="margin: 0cm; tab-stops: 446.55pt; background: white;"><span lang="FR-CA" style="font-size: 13.5pt; font-family: 'Arial',sans-serif; color: #000033;">At Hôpital de l'Enfant-Jésus, on March 22, 2023, Mr. Roch Trudel passed away at the age of 57 years and 1 month. He resided in L'Ancienne-Lorette and was originally from La Malbaie, son of the late Mr. Marc Trudel and the late Mrs. Ghislaine Boily.  </span></p>
<p style="margin: 0cm; tab-stops: 446.55pt; background: white;"><span lang="FR-CA" style="font-size: 13.5pt; font-family: 'Arial',sans-serif; color: #000033;"> </span></p>
<p style="margin: 0cm; tab-stops: 446.55pt; background: white;"><span lang="FR-CA" style="font-size: 13.5pt; font-family: 'Arial',sans-serif; color: #000033;">He is survived by his brother and sisters: Michel (Caroline), Louise (Stéphane), Denise (Idola), Nicole (Michel), his nephews and niece, Israël (Cathrine), Bénédict (Karine), Frédérique (Kévin), as well as great-nephews and great-niece, relatives and friends.</span></p>
