{"id":11503,"date":"2023-12-12T15:26:37","date_gmt":"2023-12-12T20:26:37","guid":{"rendered":"https:\/\/publideces.com\/avis-de-deces\/gerard-julien\/"},"modified":"2023-12-12T15:26:37","modified_gmt":"2023-12-12T20:26:37","slug":"gerard-julien","status":"publish","type":"obituary","link":"https:\/\/publideces.com\/en\/obituaries\/gerard-julien\/","title":{"rendered":"G\u00e9rard Julien"},"content":{"rendered":"","protected":false},"featured_media":2415,"comment_status":"open","ping_status":"open","template":"","class_list":["post-11503","obituary","type-obituary","status-publish","has-post-thumbnail","hentry"],"acf":{"email_obituary":"","death_place":"","obituary_birth_date":"16 October 1940","obituary_death_date":"11 May 2023","death_age":"82 years old","obituary_description":"At the Lanaudi\u00e8re Hospital Center, on May 11, 2023, at the age of 82, Mr. G\u00e9rard Julien, husband of Mrs. Janette Perron, of Saint-Charles-Borrom\u00e9e, passed away. In addition to his wife, he is survived by his sons: Michel and Luc (Isabelle Paris\u00e9), his grandson Nohan, his brothers: R\u00e9al, Alain and Robert, as well as many other relatives and friends. \n\n\u00a0\n\n\u00a0\n<p class=\"p3\" style=\"margin: 0cm; min-height: 22px;\"><\/p>","exposition":{"location":"152 Cur\u00e9-Rondeau Street, Notre-Dame-des-Prairies","address":"","repeater":[{"date":"","starting_hour":"","ending_hour":""}]},"ceremony":{"location":"","address":"","repeater":[{"date":"","starting_hour":"","ending_hour":""}]},"burrial":{"location":"","specific_location":"","address":"","repeater":[{"date":"","starting_hour":"","ending_hour":""}]},"reception":{"location":"","address":"","repeater":[{"date":"","starting_hour":"","ending_hour":""}]},"thanks":"<span class=\"s2\">In lieu of flowers, donations to the Canadian Cancer Society would be appreciated:<\/span>\n\n<a href=\"https:\/\/support.cancer.ca\/site\/Donation2?df_id=36178&mfc_pref=T&36178.donation=form1&question3=Yes%2C+in+memory&s_locale=fr_CA&_gl=1*1jg8nhv*_ga*Mzc4NDg3OC4xNjgzOTA3NDE2*_ga_23YMKBE2C3*MTY4MzkwNzQxNi4xLjEuMTY4MzkwNzQ2OS43LjAuMA..\">One-time donation - Donate now | Canadian Cancer Society<\/a>","organism_list":[],"other_organisms":"","funeral_home":[666],"other_funeral_homes":"","memoriam_option":"none","memoriam_images_base_repeater":null,"memoriam_images_premium_repeater":null,"qr_plaque_option":"none","qr_plaque_quantity":0},"_links":{"self":[{"href":"https:\/\/publideces.com\/en\/wp-json\/wp\/v2\/obituary\/11503","targetHints":{"allow":["GET"]}}],"collection":[{"href":"https:\/\/publideces.com\/en\/wp-json\/wp\/v2\/obituary"}],"about":[{"href":"https:\/\/publideces.com\/en\/wp-json\/wp\/v2\/types\/obituary"}],"replies":[{"embeddable":true,"href":"https:\/\/publideces.com\/en\/wp-json\/wp\/v2\/comments?post=11503"}],"acf:post":[{"embeddable":true,"href":"https:\/\/publideces.com\/en\/wp-json\/wp\/v2\/funeral_home\/666"}],"wp:featuredmedia":[{"embeddable":true,"href":"https:\/\/publideces.com\/en\/wp-json\/wp\/v2\/media\/2415"}],"wp:attachment":[{"href":"https:\/\/publideces.com\/en\/wp-json\/wp\/v2\/media?parent=11503"}],"curies":[{"name":"wp","href":"https:\/\/api.w.org\/{rel}","templated":true}]}}

Gérard Julien

At the Lanaudière Hospital Center, on May 11, 2023, at the age of 82, Mr. Gérard Julien, husband of Mrs. Janette Perron, of Saint-Charles-Borromée, passed away. In addition to his wife, he is survived by his sons: Michel and Luc (Isabelle Parisé), his grandson Nohan, his brothers: Réal, Alain and Robert, as well as many other relatives and friends. 

 

 
<p class="p3" style="margin: 0cm; min-height: 22px;"></p>

152 Curé-Rondeau Street, Notre-Dame-des-Prairies
