{"id":11504,"date":"2023-12-12T15:26:37","date_gmt":"2023-12-12T20:26:37","guid":{"rendered":"https:\/\/publideces.com\/avis-de-deces\/margot-moreau\/"},"modified":"2023-12-12T15:26:37","modified_gmt":"2023-12-12T20:26:37","slug":"margot-moreau","status":"publish","type":"obituary","link":"https:\/\/publideces.com\/en\/obituaries\/margot-moreau\/","title":{"rendered":"Margot Moreau"},"content":{"rendered":"","protected":false},"featured_media":2413,"comment_status":"open","ping_status":"open","template":"","class_list":["post-11504","obituary","type-obituary","status-publish","has-post-thumbnail","hentry"],"acf":{"email_obituary":"","death_place":"","obituary_birth_date":"18 August 1930","obituary_death_date":"January 7, 2023","death_age":"92 years old","obituary_description":"At Lanaudi\u00e8re Hospital, on January 7, 2023, at the age of 92, passed away Mrs. Margot Moreau. She is survived by her children: Jos\u00e9e, Dominique, Carlo (Sylvie), Gina, Sophie; her grandchildren: David, Manuel, Jonathan, Tommy, Jason, Ta\u00efna, and Billy; her dear friend Marie-Paule; as well as her nephews, nieces, brothers-in-law, sisters-in-law, and many other relatives and friends. \n\nThe family will hold a tribute in the chapel at 3:30 PM.","exposition":{"location":"Lachance Funeral Complex Inc. 152, Cur\u00e9-Rondeau Street Notre-Dame-des-Prairies (QC) J6E 1G8 ","address":"","repeater":[{"date":"","starting_hour":"","ending_hour":""}]},"ceremony":{"location":"","address":"","repeater":[{"date":"","starting_hour":"","ending_hour":""}]},"burrial":{"location":"","specific_location":"","address":"","repeater":[{"date":"","starting_hour":"","ending_hour":""}]},"reception":{"location":"","address":"","repeater":[{"date":"","starting_hour":"","ending_hour":""}]},"thanks":"","organism_list":[],"other_organisms":"","funeral_home":[666],"other_funeral_homes":"","memoriam_option":"none","memoriam_images_base_repeater":null,"memoriam_images_premium_repeater":null,"qr_plaque_option":"none","qr_plaque_quantity":0},"_links":{"self":[{"href":"https:\/\/publideces.com\/en\/wp-json\/wp\/v2\/obituary\/11504","targetHints":{"allow":["GET"]}}],"collection":[{"href":"https:\/\/publideces.com\/en\/wp-json\/wp\/v2\/obituary"}],"about":[{"href":"https:\/\/publideces.com\/en\/wp-json\/wp\/v2\/types\/obituary"}],"replies":[{"embeddable":true,"href":"https:\/\/publideces.com\/en\/wp-json\/wp\/v2\/comments?post=11504"}],"acf:post":[{"embeddable":true,"href":"https:\/\/publideces.com\/en\/wp-json\/wp\/v2\/funeral_home\/666"}],"wp:featuredmedia":[{"embeddable":true,"href":"https:\/\/publideces.com\/en\/wp-json\/wp\/v2\/media\/2413"}],"wp:attachment":[{"href":"https:\/\/publideces.com\/en\/wp-json\/wp\/v2\/media?parent=11504"}],"curies":[{"name":"wp","href":"https:\/\/api.w.org\/{rel}","templated":true}]}}

At Lanaudière Hospital, on January 7, 2023, at the age of 92, passed away Mrs. Margot Moreau. She is survived by her children: Josée, Dominique, Carlo (Sylvie), Gina, Sophie; her grandchildren: David, Manuel, Jonathan, Tommy, Jason, Taïna, and Billy; her dear friend Marie-Paule; as well as her nephews, nieces, brothers-in-law, sisters-in-law, and many other relatives and friends. 

The family will hold a tribute in the chapel at 3:30 PM.

Lachance Funeral Complex Inc. 152, Curé-Rondeau Street Notre-Dame-des-Prairies (QC) J6E 1G8
