{"id":11513,"date":"2023-12-12T15:26:37","date_gmt":"2023-12-12T20:26:37","guid":{"rendered":"https:\/\/publideces.com\/avis-de-deces\/jean-daniel-morissette\/"},"modified":"2023-12-12T15:26:37","modified_gmt":"2023-12-12T20:26:37","slug":"jean-daniel-morissette","status":"publish","type":"obituary","link":"https:\/\/publideces.com\/en\/obituaries\/jean-daniel-morissette\/","title":{"rendered":"Jean-Daniel Morissette"},"content":{"rendered":"","protected":false},"featured_media":2426,"comment_status":"open","ping_status":"open","template":"","class_list":["post-11513","obituary","type-obituary","status-publish","has-post-thumbnail","hentry"],"acf":{"email_obituary":"","death_place":"","obituary_birth_date":"30 May 1951","obituary_death_date":"6 May 2023","death_age":"71 years old","obituary_description":"On May 6, 2023, at the age of 71, Mr. Jean-Daniel Morissette, beloved husband of Mrs. \u00c9velyne Gosselin, residing in Joliette, passed away. He leaves to mourn, in addition to his wife, his children: Marc (Guyl\u00e8ne Michaud), Tom (Pamela Ouellette) and Kurt; his grandchildren: Roxie, Nathan, Noah; his stepson Ethan; his siblings: C\u00e9line, Andr\u00e9, Louise and Sylvie; his sister-in-law Claire Gosselin; his brother-in-law Bernard Gosselin; and many other nephews, nieces, relatives and friends. \n\n\u00a0","exposition":{"location":"Lachance Funeral Complex Inc. 152, Cur\u00e9-Rondeau Street Notre-Dame-des-Prairies (QC) J6E 1G8 ","address":"","repeater":[{"date":"","starting_hour":"","ending_hour":""}]},"ceremony":{"location":"Lachance Inc. Funeral Complex Chapel","address":"","repeater":[{"date":"","starting_hour":"","ending_hour":""}]},"burrial":{"location":"","specific_location":"","address":"","repeater":[{"date":"","starting_hour":"","ending_hour":""}]},"reception":{"location":"","address":"","repeater":[{"date":"","starting_hour":"","ending_hour":""}]},"thanks":"","organism_list":[],"other_organisms":"","funeral_home":[666],"other_funeral_homes":"","memoriam_option":"none","memoriam_images_base_repeater":null,"memoriam_images_premium_repeater":null,"qr_plaque_option":"none","qr_plaque_quantity":0},"_links":{"self":[{"href":"https:\/\/publideces.com\/en\/wp-json\/wp\/v2\/obituary\/11513","targetHints":{"allow":["GET"]}}],"collection":[{"href":"https:\/\/publideces.com\/en\/wp-json\/wp\/v2\/obituary"}],"about":[{"href":"https:\/\/publideces.com\/en\/wp-json\/wp\/v2\/types\/obituary"}],"replies":[{"embeddable":true,"href":"https:\/\/publideces.com\/en\/wp-json\/wp\/v2\/comments?post=11513"}],"acf:post":[{"embeddable":true,"href":"https:\/\/publideces.com\/en\/wp-json\/wp\/v2\/funeral_home\/666"}],"wp:featuredmedia":[{"embeddable":true,"href":"https:\/\/publideces.com\/en\/wp-json\/wp\/v2\/media\/2426"}],"wp:attachment":[{"href":"https:\/\/publideces.com\/en\/wp-json\/wp\/v2\/media?parent=11513"}],"curies":[{"name":"wp","href":"https:\/\/api.w.org\/{rel}","templated":true}]}}

On May 6, 2023, at the age of 71, Mr. Jean-Daniel Morissette, beloved husband of Mrs. Évelyne Gosselin, residing in Joliette, passed away. He leaves to mourn, in addition to his wife, his children: Marc (Guylène Michaud), Tom (Pamela Ouellette) and Kurt; his grandchildren: Roxie, Nathan, Noah; his stepson Ethan; his siblings: Céline, André, Louise and Sylvie; his sister-in-law Claire Gosselin; his brother-in-law Bernard Gosselin; and many other nephews, nieces, relatives and friends.

Lachance Funeral Complex Inc. 152, Curé-Rondeau Street Notre-Dame-des-Prairies (QC) J6E 1G8
