{"id":11519,"date":"2023-12-12T15:26:41","date_gmt":"2023-12-12T20:26:41","guid":{"rendered":"https:\/\/publideces.com\/avis-de-deces\/gabriel-cote\/"},"modified":"2023-12-12T15:26:41","modified_gmt":"2023-12-12T20:26:41","slug":"gabriel-cote","status":"publish","type":"obituary","link":"https:\/\/publideces.com\/en\/obituaries\/gabriel-cote\/","title":{"rendered":"Gabriel C\u00f4t\u00e9"},"content":{"rendered":"","protected":false},"featured_media":2440,"comment_status":"open","ping_status":"open","template":"","class_list":["post-11519","obituary","type-obituary","status-publish","has-post-thumbnail","hentry"],"acf":{"email_obituary":"","death_place":"","obituary_birth_date":"15 October 1983","obituary_death_date":"31 May 2023","death_age":"39 years old","obituary_description":"We are saddened to announce the passing of Gabriel C\u00f4t\u00e9, who passed away in Blainville on Wednesday, May 31, 2023, at the age of 39. He was the son of Gaston C\u00f4t\u00e9 (Kimberly) and Louise Hamilton. \n\nIn addition to his parents, he is survived by his children Jimy (Jade), J\u00e9r\u00e9my, and their mother Sabrina, his brother Mathieu (Isabelle), his half-sister \u00c9lody (Carl-Olivier), his sister-in-law Camille (Louis-David), his nephews and niece Charles, L\u00e9o, Victor, Gustave, Ma\u00efka, as well as many other relatives and friends.","exposition":{"location":"Saint-Eustache Church, 123 Saint-Louis Street, Saint-Eustache, QC J7R 1X9","address":"","repeater":[{"date":"","starting_hour":"","ending_hour":""}]},"ceremony":{"location":"Saint-Eustache Church, 123 Saint-Louis Street, Saint-Eustache, QC J7R 1X9","address":"","repeater":[{"date":"","starting_hour":"","ending_hour":""}]},"burrial":{"location":"","specific_location":"","address":"","repeater":[{"date":"","starting_hour":"","ending_hour":""}]},"reception":{"location":"","address":"","repeater":[{"date":"","starting_hour":"","ending_hour":""}]},"thanks":"Expressions of sympathy may be made through a donation to the Canadian Cancer Society.\n\nhttps:\/\/cancer.ca\/fr\/","organism_list":[],"other_organisms":"","funeral_home":[666],"other_funeral_homes":"","memoriam_option":"none","memoriam_images_base_repeater":null,"memoriam_images_premium_repeater":null,"qr_plaque_option":"none","qr_plaque_quantity":0},"_links":{"self":[{"href":"https:\/\/publideces.com\/en\/wp-json\/wp\/v2\/obituary\/11519","targetHints":{"allow":["GET"]}}],"collection":[{"href":"https:\/\/publideces.com\/en\/wp-json\/wp\/v2\/obituary"}],"about":[{"href":"https:\/\/publideces.com\/en\/wp-json\/wp\/v2\/types\/obituary"}],"replies":[{"embeddable":true,"href":"https:\/\/publideces.com\/en\/wp-json\/wp\/v2\/comments?post=11519"}],"acf:post":[{"embeddable":true,"href":"https:\/\/publideces.com\/en\/wp-json\/wp\/v2\/funeral_home\/666"}],"wp:featuredmedia":[{"embeddable":true,"href":"https:\/\/publideces.com\/en\/wp-json\/wp\/v2\/media\/2440"}],"wp:attachment":[{"href":"https:\/\/publideces.com\/en\/wp-json\/wp\/v2\/media?parent=11519"}],"curies":[{"name":"wp","href":"https:\/\/api.w.org\/{rel}","templated":true}]}}

Gabriel Côté

We are saddened to announce the passing of Gabriel Côté, who passed away in Blainville on Wednesday, May 31, 2023, at the age of 39. He was the son of Gaston Côté (Kimberly) and Louise Hamilton. 

In addition to his parents, he is survived by his children Jimy (Jade), Jérémy, and their mother Sabrina, his brother Mathieu (Isabelle), his half-sister Élody (Carl-Olivier), his sister-in-law Camille (Louis-David), his nephews and niece Charles, Léo, Victor, Gustave, Maïka, as well as many other relatives and friends.
