{"id":11525,"date":"2023-12-12T15:25:18","date_gmt":"2023-12-12T20:25:18","guid":{"rendered":"https:\/\/publideces.com\/avis-de-deces\/claude-sweeney\/"},"modified":"2023-12-12T15:25:18","modified_gmt":"2023-12-12T20:25:18","slug":"claude-sweeney","status":"publish","type":"obituary","link":"https:\/\/publideces.com\/en\/obituaries\/claude-sweeney\/","title":{"rendered":"Claude Sweeney"},"content":{"rendered":"","protected":false},"featured_media":2075,"comment_status":"open","ping_status":"open","template":"","class_list":["post-11525","obituary","type-obituary","status-publish","has-post-thumbnail","hentry"],"acf":{"email_obituary":"","death_place":"","obituary_birth_date":"9 June 1946","obituary_death_date":"9 June 2020","death_age":"74 years old","obituary_description":"At Pierre-Le Gardeur Hospital in Terrebonne, on June 9, 2020, at the age of 74, Mr. Claude Sweeney, originally from Montreal, passed away.\n\nHe is survived by his daughters: Nancy (\u00c9ric) and Audrey, his grandchildren: Micha\u00ebl (Claudia) and Maude (Fran\u00e7is), his son-in-law's parents Claudette and Gilles, numerous nephews and nieces, other relatives and friends.","exposition":{"location":"","address":"","repeater":[{"date":"","starting_hour":"","ending_hour":""}]},"ceremony":{"location":"","address":"","repeater":[{"date":"","starting_hour":"","ending_hour":""}]},"burrial":{"location":"","specific_location":"","address":"","repeater":[{"date":"","starting_hour":"","ending_hour":""}]},"reception":{"location":"","address":"","repeater":[{"date":"","starting_hour":"","ending_hour":""}]},"thanks":"","organism_list":[],"other_organisms":"","funeral_home":[666],"other_funeral_homes":"","memoriam_option":"none","memoriam_images_base_repeater":null,"memoriam_images_premium_repeater":null,"qr_plaque_option":"none","qr_plaque_quantity":0},"_links":{"self":[{"href":"https:\/\/publideces.com\/en\/wp-json\/wp\/v2\/obituary\/11525","targetHints":{"allow":["GET"]}}],"collection":[{"href":"https:\/\/publideces.com\/en\/wp-json\/wp\/v2\/obituary"}],"about":[{"href":"https:\/\/publideces.com\/en\/wp-json\/wp\/v2\/types\/obituary"}],"replies":[{"embeddable":true,"href":"https:\/\/publideces.com\/en\/wp-json\/wp\/v2\/comments?post=11525"}],"acf:post":[{"embeddable":true,"href":"https:\/\/publideces.com\/en\/wp-json\/wp\/v2\/funeral_home\/666"}],"wp:featuredmedia":[{"embeddable":true,"href":"https:\/\/publideces.com\/en\/wp-json\/wp\/v2\/media\/2075"}],"wp:attachment":[{"href":"https:\/\/publideces.com\/en\/wp-json\/wp\/v2\/media?parent=11525"}],"curies":[{"name":"wp","href":"https:\/\/api.w.org\/{rel}","templated":true}]}}

At Pierre-Le Gardeur Hospital in Terrebonne, on June 9, 2020, at the age of 74, Mr. Claude Sweeney, originally from Montreal, passed away.

He is survived by his daughters: Nancy (Éric) and Audrey, his grandchildren: Michaël (Claudia) and Maude (Françis), his son-in-law's parents Claudette and Gilles, numerous nephews and nieces, other relatives and friends.
