{"id":11528,"date":"2023-12-12T15:25:13","date_gmt":"2023-12-12T20:25:13","guid":{"rendered":"https:\/\/publideces.com\/avis-de-deces\/richard-lafond\/"},"modified":"2023-12-12T15:25:13","modified_gmt":"2023-12-12T20:25:13","slug":"richard-lafond","status":"publish","type":"obituary","link":"https:\/\/publideces.com\/en\/obituaries\/richard-lafond\/","title":{"rendered":"Richard Lafond"},"content":{"rendered":"","protected":false},"featured_media":2073,"comment_status":"open","ping_status":"open","template":"","class_list":["post-11528","obituary","type-obituary","status-publish","has-post-thumbnail","hentry"],"acf":{"email_obituary":"","death_place":"","obituary_birth_date":"20 June 1953","obituary_death_date":"20 June 2020","death_age":"67 years old","obituary_description":"Mr. Richard Lafond passed away at the CHDL of Saint-Charles-Borrom\u00e9e on June 20, 2020, at the age of 67. He is survived by his wife Mariette Camirand, his children: Jessie Lafond (Jonathan), Marie-Chantale Lafond (Jean-Denis). His stepchildren: Christian Laverdi\u00e8re (Tomoko), Eric Laverdi\u00e8re (Caroline), and Marilyne Laverdi\u00e8re (Martin). His 12 grandchildren. His brothers and sisters: The late Jean-Claude (Marie-Ange), Claudette (Ga\u00e9tan), the late Fernand, Nicole (Robert), the late Micheline, R\u00e9jean (Nicole), Gilles (Lise), and Marcel. As well as several nephews and nieces.     ","exposition":{"location":"","address":"","repeater":[{"date":"","starting_hour":"","ending_hour":""}]},"ceremony":{"location":"","address":"","repeater":[{"date":"","starting_hour":"","ending_hour":""}]},"burrial":{"location":"","specific_location":"","address":"","repeater":[{"date":"","starting_hour":"","ending_hour":""}]},"reception":{"location":"","address":"","repeater":[{"date":"","starting_hour":"","ending_hour":""}]},"thanks":"","organism_list":[],"other_organisms":"","funeral_home":[666],"other_funeral_homes":"","memoriam_option":"none","memoriam_images_base_repeater":null,"memoriam_images_premium_repeater":null,"qr_plaque_option":"none","qr_plaque_quantity":0},"_links":{"self":[{"href":"https:\/\/publideces.com\/en\/wp-json\/wp\/v2\/obituary\/11528","targetHints":{"allow":["GET"]}}],"collection":[{"href":"https:\/\/publideces.com\/en\/wp-json\/wp\/v2\/obituary"}],"about":[{"href":"https:\/\/publideces.com\/en\/wp-json\/wp\/v2\/types\/obituary"}],"replies":[{"embeddable":true,"href":"https:\/\/publideces.com\/en\/wp-json\/wp\/v2\/comments?post=11528"}],"acf:post":[{"embeddable":true,"href":"https:\/\/publideces.com\/en\/wp-json\/wp\/v2\/funeral_home\/666"}],"wp:featuredmedia":[{"embeddable":true,"href":"https:\/\/publideces.com\/en\/wp-json\/wp\/v2\/media\/2073"}],"wp:attachment":[{"href":"https:\/\/publideces.com\/en\/wp-json\/wp\/v2\/media?parent=11528"}],"curies":[{"name":"wp","href":"https:\/\/api.w.org\/{rel}","templated":true}]}}

Mr. Richard Lafond passed away at the CHDL of Saint-Charles-Borromée on June 20, 2020, at the age of 67. He is survived by his wife Mariette Camirand, his children: Jessie Lafond (Jonathan), Marie-Chantale Lafond (Jean-Denis). His stepchildren: Christian Laverdière (Tomoko), Eric Laverdière (Caroline), and Marilyne Laverdière (Martin). His 12 grandchildren. His brothers and sisters: The late Jean-Claude (Marie-Ange), Claudette (Gaétan), the late Fernand, Nicole (Robert), the late Micheline, Réjean (Nicole), Gilles (Lise), and Marcel. As well as several nephews and nieces.
