{"id":11588,"date":"2023-12-12T15:25:13","date_gmt":"2023-12-12T20:25:13","guid":{"rendered":"https:\/\/publideces.com\/avis-de-deces\/marthe-levesque\/"},"modified":"2025-11-05T16:17:19","modified_gmt":"2025-11-05T21:17:19","slug":"marthe-levesque","status":"publish","type":"obituary","link":"https:\/\/publideces.com\/en\/obituaries\/marthe-levesque\/","title":{"rendered":"Marthe L\u00e9vesque"},"content":{"rendered":"","protected":false},"featured_media":2059,"comment_status":"open","ping_status":"open","template":"","class_list":["post-11588","obituary","type-obituary","status-publish","has-post-thumbnail","hentry"],"acf":{"email_obituary":"","death_place":"","obituary_birth_date":"20 May 1934","obituary_death_date":"20 May 2020","death_age":"86 years old","obituary_description":"At the Centre Cloutier du Rivage in Trois-Rivi\u00e8res, on May 20, 2020, at the age of 86, Marthe L\u00e9vesque passed away. She is survived by: her son \u00c9ric Beaudry (Chantal Gagn\u00e9); her grandchildren \u00c9ricka Beaudry, \u00c9liane Beaudry (Mathieu Savaria) and Fr\u00e9d\u00e9ric Beaudry (Jessica Turcotte); her sisters Jeannine L\u00e9vesque, Th\u00e9r\u00e8se L\u00e9vesque and No\u00eblla L\u00e9vesque (Kader Kabouche) as well as several nephews, nieces, friends, and close family members: St\u00e9phane L\u00e9vesque, Val\u00e9rie L\u00e9vesque, Madeleine Moisan, Jos\u00e9e Gagn\u00e9, Sylvain Gagn\u00e9, Marie-Christine Gagn\u00e9, and their children. ","exposition":{"location":"","address":"","repeater":[{"date":"","starting_hour":"","ending_hour":""}]},"ceremony":{"location":"","address":"","repeater":[{"date":"","starting_hour":"","ending_hour":""}]},"burrial":{"location":"","specific_location":"","address":"","repeater":[{"date":"","starting_hour":"","ending_hour":""}]},"reception":{"location":"","address":"","repeater":[{"date":"","starting_hour":"","ending_hour":""}]},"thanks":"","organism_list":[],"other_organisms":"","funeral_home":[666],"other_funeral_homes":"","memoriam_option":"none","memoriam_images_base_repeater":null,"memoriam_images_premium_repeater":null,"qr_plaque_option":"none","qr_plaque_quantity":0},"_links":{"self":[{"href":"https:\/\/publideces.com\/en\/wp-json\/wp\/v2\/obituary\/11588","targetHints":{"allow":["GET"]}}],"collection":[{"href":"https:\/\/publideces.com\/en\/wp-json\/wp\/v2\/obituary"}],"about":[{"href":"https:\/\/publideces.com\/en\/wp-json\/wp\/v2\/types\/obituary"}],"replies":[{"embeddable":true,"href":"https:\/\/publideces.com\/en\/wp-json\/wp\/v2\/comments?post=11588"}],"acf:post":[{"embeddable":true,"href":"https:\/\/publideces.com\/en\/wp-json\/wp\/v2\/funeral_home\/666"}],"wp:featuredmedia":[{"embeddable":true,"href":"https:\/\/publideces.com\/en\/wp-json\/wp\/v2\/media\/2059"}],"wp:attachment":[{"href":"https:\/\/publideces.com\/en\/wp-json\/wp\/v2\/media?parent=11588"}],"curies":[{"name":"wp","href":"https:\/\/api.w.org\/{rel}","templated":true}]}}

Marthe Lévesque

At the Centre Cloutier du Rivage in Trois-Rivières, on May 20, 2020, at the age of 86, Marthe Lévesque passed away. She is survived by: her son Éric Beaudry (Chantal Gagné); her grandchildren Éricka Beaudry, Éliane Beaudry (Mathieu Savaria) and Frédéric Beaudry (Jessica Turcotte); her sisters Jeannine Lévesque, Thérèse Lévesque and Noëlla Lévesque (Kader Kabouche) as well as several nephews, nieces, friends, and close family members: Stéphane Lévesque, Valérie Lévesque, Madeleine Moisan, Josée Gagné, Sylvain Gagné, Marie-Christine Gagné, and their children.
