{"id":11595,"date":"2023-12-12T15:26:51","date_gmt":"2023-12-12T20:26:51","guid":{"rendered":"https:\/\/publideces.com\/avis-de-deces\/aline-gauthier\/"},"modified":"2023-12-12T15:26:51","modified_gmt":"2023-12-12T20:26:51","slug":"aline-gauthier","status":"publish","type":"obituary","link":"https:\/\/publideces.com\/en\/obituaries\/aline-gauthier\/","title":{"rendered":"Aline Gauthier"},"content":{"rendered":"","protected":false},"featured_media":2470,"comment_status":"open","ping_status":"open","template":"","class_list":["post-11595","obituary","type-obituary","status-publish","has-post-thumbnail","hentry"],"acf":{"email_obituary":"","death_place":"","obituary_birth_date":"7 September 1952","obituary_death_date":"29 May 2023","death_age":"70 years old","obituary_description":"At the Saint-Eustache hospital, on May 29th, Mrs. Aline Gauthier, wife of the late Jacquelin Audet, passed away. She was the daughter of the late G\u00e9rald Gauthier and Mrs. Rita Germain. \n\n\u00a0\n\nShe is survived by her children M\u00e9lanie and Jean-Fran\u00e7ois, her grandchildren Louka and F\u00e9lix-Antoine, her sister Nicole (Jean Julien Morin), her two brothers Yvon (Francine Corbeil) and Fran\u00e7ois (Louise Brouillet), her husband's family, her brothers-in-law G\u00e9rald (Suzanne St-Pierre), Jean-Pierre (Diane Duchesne), Harold (Martine Tremblay), her sisters-in-law Dany (Marc Trudel), Sylvie (Yves Bouchard), as well as many nephews, nieces, and friends.\n\n\u00a0\n\nThe burial will be private at a later date.","exposition":{"location":"","address":"","repeater":[{"date":"","starting_hour":"","ending_hour":""}]},"ceremony":{"location":"","address":"","repeater":[{"date":"","starting_hour":"","ending_hour":""}]},"burrial":{"location":"","specific_location":"","address":"","repeater":[{"date":"","starting_hour":"","ending_hour":""}]},"reception":{"location":"","address":"","repeater":[{"date":"","starting_hour":"","ending_hour":""}]},"thanks":"For those wishing to make a donation, please do so to the Integrated Cancer Centre of Quebec:\n\nhttps:\/\/www.jedonneenligne.org\/fondationchudequebec\/DS18\/","organism_list":[],"other_organisms":"","funeral_home":[666],"other_funeral_homes":"","memoriam_option":"none","memoriam_images_base_repeater":null,"memoriam_images_premium_repeater":null,"qr_plaque_option":"none","qr_plaque_quantity":0},"_links":{"self":[{"href":"https:\/\/publideces.com\/en\/wp-json\/wp\/v2\/obituary\/11595","targetHints":{"allow":["GET"]}}],"collection":[{"href":"https:\/\/publideces.com\/en\/wp-json\/wp\/v2\/obituary"}],"about":[{"href":"https:\/\/publideces.com\/en\/wp-json\/wp\/v2\/types\/obituary"}],"replies":[{"embeddable":true,"href":"https:\/\/publideces.com\/en\/wp-json\/wp\/v2\/comments?post=11595"}],"acf:post":[{"embeddable":true,"href":"https:\/\/publideces.com\/en\/wp-json\/wp\/v2\/funeral_home\/666"}],"wp:featuredmedia":[{"embeddable":true,"href":"https:\/\/publideces.com\/en\/wp-json\/wp\/v2\/media\/2470"}],"wp:attachment":[{"href":"https:\/\/publideces.com\/en\/wp-json\/wp\/v2\/media?parent=11595"}],"curies":[{"name":"wp","href":"https:\/\/api.w.org\/{rel}","templated":true}]}}

At the Saint-Eustache hospital, on May 29th, Mrs. Aline Gauthier, wife of the late Jacquelin Audet, passed away. She was the daughter of the late Gérald Gauthier and Mrs. Rita Germain. 

 

She is survived by her children Mélanie and Jean-François, her grandchildren Louka and Félix-Antoine, her sister Nicole (Jean Julien Morin), her two brothers Yvon (Francine Corbeil) and François (Louise Brouillet), her husband's family, her brothers-in-law Gérald (Suzanne St-Pierre), Jean-Pierre (Diane Duchesne), Harold (Martine Tremblay), her sisters-in-law Dany (Marc Trudel), Sylvie (Yves Bouchard), as well as many nephews, nieces, and friends.

 

The burial will be private at a later date.
