{"id":11604,"date":"2023-12-12T15:26:51","date_gmt":"2023-12-12T20:26:51","guid":{"rendered":"https:\/\/publideces.com\/avis-de-deces\/michel-cyr\/"},"modified":"2023-12-12T15:26:51","modified_gmt":"2023-12-12T20:26:51","slug":"michel-cyr","status":"publish","type":"obituary","link":"https:\/\/publideces.com\/en\/obituaries\/michel-cyr\/","title":{"rendered":"Michel Cyr"},"content":{"rendered":"","protected":false},"featured_media":2482,"comment_status":"open","ping_status":"open","template":"","class_list":["post-11604","obituary","type-obituary","status-publish","has-post-thumbnail","hentry"],"acf":{"email_obituary":"saurioljf@gmail.com","death_place":"","obituary_birth_date":"16 April 1967","obituary_death_date":"3 October 2023","death_age":"56 years old","obituary_description":"At the Saint-J\u00e9r\u00f4me hospital, on October 3, 2023, at the age of 56, Mr. Michel Cyr passed away. He is survived by his wife Jos\u00e9e Lacroix, his mother Harlean Br\u00e9beau, his late father Armand Cyr, his brother Danny Cyr (Isabelle Faust), his sister Darlene Cyr, his son Gabriel Cyr, his stepsons S\u00e9bastien L. Lacroix (Eveline Frenette Doyon) and Jonathan L. Lacroix (M\u00e9lanie Marion), as well as his grandchildren, brothers-in-law, sisters-in-law, nephews, nieces, family, and friends. \n\nAs per Michel's wishes, there will be no service. A commemorative dinner will be held for the family. \n\nTo the moon and back dear Michel... to the moon and back.... so loved.... ","exposition":{"location":"","address":"","repeater":[{"date":"","starting_hour":"","ending_hour":""}]},"ceremony":{"location":"","address":"","repeater":[{"date":"","starting_hour":"","ending_hour":""}]},"burrial":{"location":"","specific_location":"","address":"","repeater":[{"date":"","starting_hour":"","ending_hour":""}]},"reception":{"location":"","address":"","repeater":[{"date":"","starting_hour":"","ending_hour":""}]},"thanks":"Expressions of sympathy may take the form of a donation to the Canadian Cancer Society foundation.","organism_list":"","other_organisms":"","funeral_home":[666],"other_funeral_homes":"","memoriam_option":"none","memoriam_images_base_repeater":null,"memoriam_images_premium_repeater":null,"qr_plaque_option":"none","qr_plaque_quantity":0},"_links":{"self":[{"href":"https:\/\/publideces.com\/en\/wp-json\/wp\/v2\/obituary\/11604","targetHints":{"allow":["GET"]}}],"collection":[{"href":"https:\/\/publideces.com\/en\/wp-json\/wp\/v2\/obituary"}],"about":[{"href":"https:\/\/publideces.com\/en\/wp-json\/wp\/v2\/types\/obituary"}],"replies":[{"embeddable":true,"href":"https:\/\/publideces.com\/en\/wp-json\/wp\/v2\/comments?post=11604"}],"acf:post":[{"embeddable":true,"href":"https:\/\/publideces.com\/en\/wp-json\/wp\/v2\/funeral_home\/666"}],"wp:featuredmedia":[{"embeddable":true,"href":"https:\/\/publideces.com\/en\/wp-json\/wp\/v2\/media\/2482"}],"wp:attachment":[{"href":"https:\/\/publideces.com\/en\/wp-json\/wp\/v2\/media?parent=11604"}],"curies":[{"name":"wp","href":"https:\/\/api.w.org\/{rel}","templated":true}]}}

At the Saint-Jérôme hospital, on October 3, 2023, at the age of 56, Mr. Michel Cyr passed away. He is survived by his wife Josée Lacroix, his mother Harlean Brébeau, his late father Armand Cyr, his brother Danny Cyr (Isabelle Faust), his sister Darlene Cyr, his son Gabriel Cyr, his stepsons Sébastien L. Lacroix (Eveline Frenette Doyon) and Jonathan L. Lacroix (Mélanie Marion), as well as his grandchildren, brothers-in-law, sisters-in-law, nephews, nieces, family, and friends. 

As per Michel's wishes, there will be no service. A commemorative dinner will be held for the family. 

To the moon and back dear Michel... to the moon and back.... so loved....
