{"id":11613,"date":"2024-02-08T10:18:23","date_gmt":"2024-02-08T15:18:23","guid":{"rendered":"https:\/\/publideces.com\/obituaries\/jeannette-durand\/"},"modified":"2025-11-05T16:17:55","modified_gmt":"2025-11-05T21:17:55","slug":"jeannette-durand","status":"publish","type":"obituary","link":"https:\/\/publideces.com\/en\/obituaries\/jeannette-durand\/","title":{"rendered":"Jeannette Durand"},"content":{"rendered":"","protected":false},"featured_media":8973,"comment_status":"open","ping_status":"closed","template":"","class_list":["post-11613","obituary","type-obituary","status-publish","has-post-thumbnail","hentry"],"acf":{"email_obituary":"","death_place":"Joliette at CHSLD Saint-Eus\u00e8be","obituary_birth_date":"February 19, 1929","obituary_death_date":"February 2, 2024","death_age":"94 years","obituary_description":"At CHSLD Saint-Eus\u00e8be in Joliette, on February 2, 2024, at the age of 94, Madame Jeannette Durand passed away.\n\nShe was the wife of the late Mr. Roger Meunier.\nShe is survived by her children: Huguette (Domenico), Jean (Danielle), Marie (Alain), and the late Sylvain; her 8 grandchildren: Dominique, Vincent, Gabriel, Isabelle, Claudia, Am\u00e9lie, Elyse, and Jean-Fran\u00e7ois; her 6 great-grandchildren: Rafael, F\u00e9lix, Marc-Olivier, Anna, Jacob, and Lucas; her sisters and brother: the late Lucille (the late Henri), the late Mariette (the late Hector), the late Suzanne (the late Guy), Claire (the late Germain), the late Andr\u00e9 (Lise); sisters-in-law and brothers-in-law, nephews and nieces, as well as many relatives and friends.\n\n(Parking available at the church)","exposition":{"location":"At Lachance Funeral Complex Inc.","address":" 152 R. Cur\u00e9-Rondeau, Notre-Dame-des-Prairies, QC J6E 1G8 Quebec, Canada","repeater":[{"date":"2024-02-17","starting_hour":"13:30","ending_hour":"16:30"}]},"ceremony":{"location":"Lachance Inc. Funeral Complex Chapel","address":" 152 R. Cur\u00e9-Rondeau, Notre-Dame-des-Prairies, QC J6E 1G8 Quebec, Canada","repeater":[{"date":"2024-02-17","starting_hour":"16:30","ending_hour":""}]},"burrial":{"location":"","specific_location":"","address":"","repeater":null},"reception":{"location":"Reception Hall of Lachance Funeral Complex Inc.","address":" 152 R. Cur\u00e9-Rondeau, Notre-Dame-des-Prairies, QC J6E 1G8 Quebec, Canada","repeater":[{"date":"2024-02-17","starting_hour":"17:00","ending_hour":"19:00"}]},"thanks":"","organism_list":null,"other_organisms":"","funeral_home":[669],"other_funeral_homes":"","memoriam_option":"none","memoriam_images_base_repeater":null,"memoriam_images_premium_repeater":null,"qr_plaque_option":"none","qr_plaque_quantity":0},"_links":{"self":[{"href":"https:\/\/publideces.com\/en\/wp-json\/wp\/v2\/obituary\/11613","targetHints":{"allow":["GET"]}}],"collection":[{"href":"https:\/\/publideces.com\/en\/wp-json\/wp\/v2\/obituary"}],"about":[{"href":"https:\/\/publideces.com\/en\/wp-json\/wp\/v2\/types\/obituary"}],"replies":[{"embeddable":true,"href":"https:\/\/publideces.com\/en\/wp-json\/wp\/v2\/comments?post=11613"}],"acf:post":[{"embeddable":true,"href":"https:\/\/publideces.com\/en\/wp-json\/wp\/v2\/funeral_home\/669"}],"wp:featuredmedia":[{"embeddable":true,"href":"https:\/\/publideces.com\/en\/wp-json\/wp\/v2\/media\/8973"}],"wp:attachment":[{"href":"https:\/\/publideces.com\/en\/wp-json\/wp\/v2\/media?parent=11613"}],"curies":[{"name":"wp","href":"https:\/\/api.w.org\/{rel}","templated":true}]}}

Joliette at CHSLD Saint-Eusèbe

At CHSLD Saint-Eusèbe in Joliette, on February 2, 2024, at the age of 94, Madame Jeannette Durand passed away.

She was the wife of the late Mr. Roger Meunier.
She is survived by her children: Huguette (Domenico), Jean (Danielle), Marie (Alain), and the late Sylvain; her 8 grandchildren: Dominique, Vincent, Gabriel, Isabelle, Claudia, Amélie, Elyse, and Jean-François; her 6 great-grandchildren: Rafael, Félix, Marc-Olivier, Anna, Jacob, and Lucas; her sisters and brother: the late Lucille (the late Henri), the late Mariette (the late Hector), the late Suzanne (the late Guy), Claire (the late Germain), the late André (Lise); sisters-in-law and brothers-in-law, nephews and nieces, as well as many relatives and friends.

(Parking available at the church)

152 R. Curé-Rondeau, Notre-Dame-des-Prairies, QC J6E 1G8 Quebec, Canada
