{"id":11621,"date":"2024-01-17T12:47:52","date_gmt":"2024-01-17T17:47:52","guid":{"rendered":"https:\/\/publideces.com\/obituaries\/murielle-sicard-chaput\/"},"modified":"2024-01-17T12:47:52","modified_gmt":"2024-01-17T17:47:52","slug":"murielle-sicard-chaput","status":"publish","type":"obituary","link":"https:\/\/publideces.com\/en\/obituaries\/murielle-sicard-chaput\/","title":{"rendered":"Murielle Sicard Chaput"},"content":{"rendered":"","protected":false},"featured_media":8918,"comment_status":"open","ping_status":"closed","template":"","class_list":["post-11621","obituary","type-obituary","status-publish","has-post-thumbnail","hentry"],"acf":{"email_obituary":"","death_place":"Joliette","obituary_birth_date":"January 30, 1933","obituary_death_date":" January 8, 2024","death_age":"90 years old","obituary_description":"In Joliette, on January 8, 2024, at the age of 90, passed away Mrs. Murielle Sicard Chaput.\n\nWife of the late Ren\u00e9 Chaput, formerly of Saint-Paul, she is survived by her children: Sylvie (Michel Payette), Michel and Daniel, her grandchildren: M\u00e9lanie, Marc-Andr\u00e9, Alexandre, Marie-Pier, \u00c9lisabeth, her great-grandchildren: Laurent, Loralie and Madeline, her brother-in-law and sisters-in-law, her nephews, nieces, other relatives and friends.\n\nThe ashes will be interred later at the Joliette cemetery.","exposition":{"location":"Lachance Funeral Complex Inc.","address":"152 Cur\u00e9-Rondeau Street, Notre-Dame-des-Prairies, QC J6E 1G8","repeater":[{"date":"2024-01-27","starting_hour":"13:00","ending_hour":"14:30"}]},"ceremony":{"location":"Lachance Inc. Funeral Complex Chapel","address":"152 Cur\u00e9-Rondeau Street, Notre-Dame-des-Prairies, QC J6E 1G8","repeater":[{"date":"2024-01-27","starting_hour":"14:30","ending_hour":""}]},"burrial":{"location":"Joliette Cemetery at a later date.","specific_location":"","address":" 1069 L\u00e9pine Street, Joliette, QC J6E 4B4 Quebec Canada","repeater":null},"reception":{"location":"","address":"","repeater":null},"thanks":"","organism_list":[8914],"other_organisms":"alz lanau","funeral_home":[669],"other_funeral_homes":"","memoriam_option":"none","memoriam_images_base_repeater":null,"memoriam_images_premium_repeater":null,"qr_plaque_option":"none","qr_plaque_quantity":0},"_links":{"self":[{"href":"https:\/\/publideces.com\/en\/wp-json\/wp\/v2\/obituary\/11621","targetHints":{"allow":["GET"]}}],"collection":[{"href":"https:\/\/publideces.com\/en\/wp-json\/wp\/v2\/obituary"}],"about":[{"href":"https:\/\/publideces.com\/en\/wp-json\/wp\/v2\/types\/obituary"}],"replies":[{"embeddable":true,"href":"https:\/\/publideces.com\/en\/wp-json\/wp\/v2\/comments?post=11621"}],"acf:post":[{"embeddable":true,"href":"https:\/\/publideces.com\/en\/wp-json\/wp\/v2\/funeral_home\/669"},{"embeddable":true,"href":"https:\/\/publideces.com\/en\/wp-json\/wp\/v2\/organism\/8914"}],"wp:featuredmedia":[{"embeddable":true,"href":"https:\/\/publideces.com\/en\/wp-json\/wp\/v2\/media\/8918"}],"wp:attachment":[{"href":"https:\/\/publideces.com\/en\/wp-json\/wp\/v2\/media?parent=11621"}],"curies":[{"name":"wp","href":"https:\/\/api.w.org\/{rel}","templated":true}]}}

In Joliette, on January 8, 2024, at the age of 90, passed away Mrs. Murielle Sicard Chaput.

Wife of the late René Chaput, formerly of Saint-Paul, she is survived by her children: Sylvie (Michel Payette), Michel and Daniel, her grandchildren: Mélanie, Marc-André, Alexandre, Marie-Pier, Élisabeth, her great-grandchildren: Laurent, Loralie and Madeline, her brother-in-law and sisters-in-law, her nephews, nieces, other relatives and friends.

The ashes will be interred later at the Joliette cemetery.

152 Curé-Rondeau Street, Notre-Dame-des-Prairies, QC J6E 1G8

1069 Lépine Street, Joliette, QC J6E 4B4 Quebec Canada
