{"id":11633,"date":"2024-03-01T10:53:39","date_gmt":"2024-03-01T15:53:39","guid":{"rendered":"https:\/\/publideces.com\/obituaries\/gisele-cote-dussault\/"},"modified":"2024-03-01T10:53:39","modified_gmt":"2024-03-01T15:53:39","slug":"gisele-cote-dussault","status":"publish","type":"obituary","link":"https:\/\/publideces.com\/en\/obituaries\/gisele-cote-dussault\/","title":{"rendered":"Gis\u00e8le Cot\u00e9 Dussault"},"content":{"rendered":"","protected":false},"featured_media":9052,"comment_status":"open","ping_status":"closed","template":"","class_list":["post-11633","obituary","type-obituary","status-publish","has-post-thumbnail","hentry"],"acf":{"email_obituary":"","death_place":"H\u00f4tel-Dieu de Qu\u00e9bec Hospital","obituary_birth_date":"May 1, 1922","obituary_death_date":"February 20, 2024","death_age":"101 years and 9 months","obituary_description":"It is with deep sadness and heavy hearts that we announce the passing, on February 20, 2024, of our beloved mother, Gis\u00e8le C\u00f4t\u00e9 Dussault, at the venerable age of 101 years and 9 months.\n\nMom lived for her family. She was, is, and will forever remain the best of mothers. She is in our hearts forever. She resided in Quebec City, formerly of Saint-Marc-des-Carri\u00e8res.   \n\nShe is survived by, in addition to her three daughters Nicole (Eddy Normand), Marie, and Denise (Jean-Claude Julien), her grandchildren M\u00e9lanie (Benny Vigneault), Hugues (M\u00e9lissa Campagna), Vincent (her godson), Roxanne (Yannick Bouchard), her great-grandchildren Benjamin, Samuel, Romy, Naomi, Zo\u00e9 (Francis Desrochers), \u00c9mile, Clara, her sister Adrienne (the late Fernand Gagn\u00e9), her sister-in-law Th\u00e9r\u00e8se (the late Renaud C\u00f4t\u00e9), her goddaughters Francine Beaudoin and Sylvie Gagn\u00e9, as well as many nephews, nieces, relatives, and friends.\n\nThe interment will take place at a later date in the presence of the immediate family.","exposition":{"location":"Saint-Marc-des-Carri\u00e8res Church","address":"1100 Rue Principale, Saint-Marc-des-Carri\u00e8res, QC G0A 4B0","repeater":[{"date":"2024-03-23","starting_hour":"09:30","ending_hour":"11:00"}]},"ceremony":{"location":"Saint-Marc-des-Carri\u00e8res Church","address":"1100 Rue Principale, Saint-Marc-des-Carri\u00e8res, QC G0A 4B0","repeater":[{"date":"2024-03-23","starting_hour":"11:00","ending_hour":"12:00"}]},"burrial":{"location":"","specific_location":"","address":"","repeater":null},"reception":{"location":"","address":"","repeater":null},"thanks":"Special thanks are extended to the staff of R\u00e9sidence Le Long des Berges for their dedication and kindness during her six years of residency, as well as to the palliative care staff of H\u00f4tel-Dieu de Qu\u00e9bec for their sensitivity and compassion.","organism_list":null,"other_organisms":"","funeral_home":null,"other_funeral_homes":"","memoriam_option":"none","memoriam_images_base_repeater":null,"memoriam_images_premium_repeater":null,"qr_plaque_option":"none","qr_plaque_quantity":0},"_links":{"self":[{"href":"https:\/\/publideces.com\/en\/wp-json\/wp\/v2\/obituary\/11633","targetHints":{"allow":["GET"]}}],"collection":[{"href":"https:\/\/publideces.com\/en\/wp-json\/wp\/v2\/obituary"}],"about":[{"href":"https:\/\/publideces.com\/en\/wp-json\/wp\/v2\/types\/obituary"}],"replies":[{"embeddable":true,"href":"https:\/\/publideces.com\/en\/wp-json\/wp\/v2\/comments?post=11633"}],"wp:featuredmedia":[{"embeddable":true,"href":"https:\/\/publideces.com\/en\/wp-json\/wp\/v2\/media\/9052"}],"wp:attachment":[{"href":"https:\/\/publideces.com\/en\/wp-json\/wp\/v2\/media?parent=11633"}],"curies":[{"name":"wp","href":"https:\/\/api.w.org\/{rel}","templated":true}]}}

Gisèle Coté Dussault

Hôtel-Dieu de Québec Hospital

It is with deep sadness and heavy hearts that we announce the passing, on February 20, 2024, of our beloved mother, Gisèle Côté Dussault, at the venerable age of 101 years and 9 months.

Mom lived for her family. She was, is, and will forever remain the best of mothers. She is in our hearts forever. She resided in Quebec City, formerly of Saint-Marc-des-Carrières.   

She is survived by, in addition to her three daughters Nicole (Eddy Normand), Marie, and Denise (Jean-Claude Julien), her grandchildren Mélanie (Benny Vigneault), Hugues (Mélissa Campagna), Vincent (her godson), Roxanne (Yannick Bouchard), her great-grandchildren Benjamin, Samuel, Romy, Naomi, Zoé (Francis Desrochers), Émile, Clara, her sister Adrienne (the late Fernand Gagné), her sister-in-law Thérèse (the late Renaud Côté), her goddaughters Francine Beaudoin and Sylvie Gagné, as well as many nephews, nieces, relatives, and friends.

The interment will take place at a later date in the presence of the immediate family.

Saint-Marc-des-Carrières Church

1100 Rue Principale, Saint-Marc-des-Carrières, QC G0A 4B0

Special thanks are extended to the staff of Résidence Le Long des Berges for their dedication and kindness during her six years of residency, as well as to the palliative care staff of Hôtel-Dieu de Québec for their sensitivity and compassion.
