{"id":11664,"date":"2023-12-12T15:24:33","date_gmt":"2023-12-12T20:24:33","guid":{"rendered":"https:\/\/publideces.com\/obituaries\/jacques-gamache\/"},"modified":"2025-11-05T16:19:15","modified_gmt":"2025-11-05T21:19:15","slug":"jacques-gamache","status":"publish","type":"obituary","link":"https:\/\/publideces.com\/en\/obituaries\/jacques-gamache\/","title":{"rendered":"Jacques Gamache"},"content":{"rendered":"","protected":false},"featured_media":1890,"comment_status":"open","ping_status":"open","template":"","class_list":["post-11664","obituary","type-obituary","status-publish","has-post-thumbnail","hentry"],"acf":{"email_obituary":"","death_place":"","obituary_birth_date":"5 June 1947","obituary_death_date":"9 March 2019","death_age":"71 years old","obituary_description":"At the St-Eus\u00e8be Centre in Joliette, on March 9, 2019, at the age of 71, Mr. Jacques Gamache, husband of Mrs. Mich\u00e8le Ann Desaulniers, passed away. Jacques was from Joliette, the son of Alfred Gamache and Aline Chaput. He is survived by, besides his wife Mich\u00e8le-Ann Desaulniers, his children Caroline and Michel (Line Boivin), his grandchildren Benjamin, Samuel, and William Gamache. His sisters Louise (Adrien Bictache) and the late Denise (Bernard Lacombe), his niece H\u00e9l\u00e8ne, sisters-in-law and brother-in-law: Marilyn, Armand, and Fr\u00e9d\u00e9ric, their children, as well as many cousins, relatives, and friends.   ","exposition":{"location":"Joliette","address":"","repeater":[{"date":"","starting_hour":"","ending_hour":""}]},"ceremony":{"location":"","address":"","repeater":[{"date":"","starting_hour":"","ending_hour":""}]},"burrial":{"location":"","specific_location":"","address":"","repeater":[{"date":"","starting_hour":"","ending_hour":""}]},"reception":{"location":"","address":"","repeater":[{"date":"","starting_hour":"","ending_hour":""}]},"thanks":"","organism_list":[],"other_organisms":"","funeral_home":[666],"other_funeral_homes":"","memoriam_option":"none","memoriam_images_base_repeater":null,"memoriam_images_premium_repeater":null,"qr_plaque_option":"none","qr_plaque_quantity":0},"_links":{"self":[{"href":"https:\/\/publideces.com\/en\/wp-json\/wp\/v2\/obituary\/11664","targetHints":{"allow":["GET"]}}],"collection":[{"href":"https:\/\/publideces.com\/en\/wp-json\/wp\/v2\/obituary"}],"about":[{"href":"https:\/\/publideces.com\/en\/wp-json\/wp\/v2\/types\/obituary"}],"replies":[{"embeddable":true,"href":"https:\/\/publideces.com\/en\/wp-json\/wp\/v2\/comments?post=11664"}],"acf:post":[{"embeddable":true,"href":"https:\/\/publideces.com\/en\/wp-json\/wp\/v2\/funeral_home\/666"}],"wp:featuredmedia":[{"embeddable":true,"href":"https:\/\/publideces.com\/en\/wp-json\/wp\/v2\/media\/1890"}],"wp:attachment":[{"href":"https:\/\/publideces.com\/en\/wp-json\/wp\/v2\/media?parent=11664"}],"curies":[{"name":"wp","href":"https:\/\/api.w.org\/{rel}","templated":true}]}}

At the St-Eusèbe Centre in Joliette, on March 9, 2019, at the age of 71, Mr. Jacques Gamache, husband of Mrs. Michèle Ann Desaulniers, passed away. Jacques was from Joliette, the son of Alfred Gamache and Aline Chaput. He is survived by, besides his wife Michèle-Ann Desaulniers, his children Caroline and Michel (Line Boivin), his grandchildren Benjamin, Samuel, and William Gamache. His sisters Louise (Adrien Bictache) and the late Denise (Bernard Lacombe), his niece Hélène, sisters-in-law and brother-in-law: Marilyn, Armand, and Frédéric, their children, as well as many cousins, relatives, and friends.
