{"id":11674,"date":"2023-12-12T15:24:38","date_gmt":"2023-12-12T20:24:38","guid":{"rendered":"https:\/\/publideces.com\/obituaries\/marie-claire-legault\/"},"modified":"2023-12-12T15:24:38","modified_gmt":"2023-12-12T20:24:38","slug":"marie-claire-legault","status":"publish","type":"obituary","link":"https:\/\/publideces.com\/en\/obituaries\/marie-claire-legault\/","title":{"rendered":"Marie-Claire Legault"},"content":{"rendered":"","protected":false},"featured_media":1911,"comment_status":"open","ping_status":"open","template":"","class_list":["post-11674","obituary","type-obituary","status-publish","has-post-thumbnail","hentry"],"acf":{"email_obituary":"","death_place":"","obituary_birth_date":"31 May 1938","obituary_death_date":"8 April 2019","death_age":"80 years old","obituary_description":"At the CHDL, on April 8, 2018, at the age of 80, Mrs. Marie-Claire Legault, wife of Mr. Isa\u00efe Trudeau, formerly of Ch\u00e2teauguay, passed away.","exposition":{"location":"Sainte-M\u00e9lanie","address":"","repeater":[{"date":"","starting_hour":"","ending_hour":""}]},"ceremony":{"location":"","address":"","repeater":[{"date":"","starting_hour":"","ending_hour":""}]},"burrial":{"location":"","specific_location":"","address":"","repeater":[{"date":"","starting_hour":"","ending_hour":""}]},"reception":{"location":"","address":"","repeater":[{"date":"","starting_hour":"","ending_hour":""}]},"thanks":"","organism_list":[],"other_organisms":"","funeral_home":[666],"other_funeral_homes":"","memoriam_option":"none","memoriam_images_base_repeater":null,"memoriam_images_premium_repeater":null,"qr_plaque_option":"none","qr_plaque_quantity":0},"_links":{"self":[{"href":"https:\/\/publideces.com\/en\/wp-json\/wp\/v2\/obituary\/11674","targetHints":{"allow":["GET"]}}],"collection":[{"href":"https:\/\/publideces.com\/en\/wp-json\/wp\/v2\/obituary"}],"about":[{"href":"https:\/\/publideces.com\/en\/wp-json\/wp\/v2\/types\/obituary"}],"replies":[{"embeddable":true,"href":"https:\/\/publideces.com\/en\/wp-json\/wp\/v2\/comments?post=11674"}],"acf:post":[{"embeddable":true,"href":"https:\/\/publideces.com\/en\/wp-json\/wp\/v2\/funeral_home\/666"}],"wp:featuredmedia":[{"embeddable":true,"href":"https:\/\/publideces.com\/en\/wp-json\/wp\/v2\/media\/1911"}],"wp:attachment":[{"href":"https:\/\/publideces.com\/en\/wp-json\/wp\/v2\/media?parent=11674"}],"curies":[{"name":"wp","href":"https:\/\/api.w.org\/{rel}","templated":true}]}}

At the CHDL, on April 8, 2018, at the age of 80, Mrs. Marie-Claire Legault, wife of Mr. Isaïe Trudeau, formerly of Châteauguay, passed away.

Sainte-Mélanie
