{"id":11682,"date":"2023-12-12T15:25:40","date_gmt":"2023-12-12T20:25:40","guid":{"rendered":"https:\/\/publideces.com\/obituaries\/pierre-gelinas\/"},"modified":"2023-12-12T15:25:40","modified_gmt":"2023-12-12T20:25:40","slug":"pierre-gelinas","status":"publish","type":"obituary","link":"https:\/\/publideces.com\/en\/obituaries\/pierre-gelinas\/","title":{"rendered":"Pierre G\u00e9linas"},"content":{"rendered":"","protected":false},"featured_media":2172,"comment_status":"open","ping_status":"open","template":"","class_list":["post-11682","obituary","type-obituary","status-publish","has-post-thumbnail","hentry"],"acf":{"email_obituary":"","death_place":"","obituary_birth_date":"8 December 1928","obituary_death_date":"18 April 2021","death_age":"92 years old","obituary_description":"At Lanaudi\u00e8re Hospital and CHSLD Parphilia Ferland, on April 18, 2021, at the age of 92 years and 4 months, Mr. Pierre G\u00e9linas, husband of Mrs. Blandine Fortin, passed away. In addition to his wife, he is survived by his children: Marcel (Carole Lamontagne), Jacques (Jos\u00e9e Boulianne), H\u00e9l\u00e8ne (Martin Morissette); his sisters: Jacqueline, Colette (the late Raymond Desbiens), Marie (the late Ren\u00e9 Laurent), the late Claude (P\u00e2querette Bergeron) and Suzanne; his G\u00e9linas grandchildren: Andr\u00e9anne, Mathieu, M\u00e9lanie, Jean-Philippe, Marie-Pier and Jessy Bilodeau; as well as many cousins, nephews, nieces, other relatives and friends. \n\nDue to the current health crisis restrictions, the ceremony will be held privately by invitation.\n\n\u00a0\n\n\u00a0\n\n\u00a0\n\n\u00a0\n\n\u00a0","exposition":{"location":"152 Cur\u00e9-Rondeau Street, Notre-Dame-des-Prairies, QC J6E 1G8","address":"","repeater":[{"date":"","starting_hour":"","ending_hour":""}]},"ceremony":{"location":"Lachance Funeral Complex Inc.","address":"","repeater":[{"date":"","starting_hour":"","ending_hour":""}]},"burrial":{"location":"","specific_location":"","address":"","repeater":[{"date":"","starting_hour":"","ending_hour":""}]},"reception":{"location":"","address":"","repeater":[{"date":"","starting_hour":"","ending_hour":""}]},"thanks":"","organism_list":[],"other_organisms":"","funeral_home":[666],"other_funeral_homes":"","memoriam_option":"none","memoriam_images_base_repeater":null,"memoriam_images_premium_repeater":null,"qr_plaque_option":"none","qr_plaque_quantity":0},"_links":{"self":[{"href":"https:\/\/publideces.com\/en\/wp-json\/wp\/v2\/obituary\/11682","targetHints":{"allow":["GET"]}}],"collection":[{"href":"https:\/\/publideces.com\/en\/wp-json\/wp\/v2\/obituary"}],"about":[{"href":"https:\/\/publideces.com\/en\/wp-json\/wp\/v2\/types\/obituary"}],"replies":[{"embeddable":true,"href":"https:\/\/publideces.com\/en\/wp-json\/wp\/v2\/comments?post=11682"}],"acf:post":[{"embeddable":true,"href":"https:\/\/publideces.com\/en\/wp-json\/wp\/v2\/funeral_home\/666"}],"wp:featuredmedia":[{"embeddable":true,"href":"https:\/\/publideces.com\/en\/wp-json\/wp\/v2\/media\/2172"}],"wp:attachment":[{"href":"https:\/\/publideces.com\/en\/wp-json\/wp\/v2\/media?parent=11682"}],"curies":[{"name":"wp","href":"https:\/\/api.w.org\/{rel}","templated":true}]}}

Pierre Gélinas

At Lanaudière Hospital and CHSLD Parphilia Ferland, on April 18, 2021, at the age of 92 years and 4 months, Mr. Pierre Gélinas, husband of Mrs. Blandine Fortin, passed away. In addition to his wife, he is survived by his children: Marcel (Carole Lamontagne), Jacques (Josée Boulianne), Hélène (Martin Morissette); his sisters: Jacqueline, Colette (the late Raymond Desbiens), Marie (the late René Laurent), the late Claude (Pâquerette Bergeron) and Suzanne; his Gélinas grandchildren: Andréanne, Mathieu, Mélanie, Jean-Philippe, Marie-Pier and Jessy Bilodeau; as well as many cousins, nephews, nieces, other relatives and friends. 

Due to the current health crisis restrictions, the ceremony will be held privately by invitation.

152 Curé-Rondeau Street, Notre-Dame-des-Prairies, QC J6E 1G8
