{"id":11685,"date":"2023-12-12T15:25:40","date_gmt":"2023-12-12T20:25:40","guid":{"rendered":"https:\/\/publideces.com\/obituaries\/hugues-lambert\/"},"modified":"2023-12-12T15:25:40","modified_gmt":"2023-12-12T20:25:40","slug":"hugues-lambert","status":"publish","type":"obituary","link":"https:\/\/publideces.com\/en\/obituaries\/hugues-lambert\/","title":{"rendered":"Hugues Lambert"},"content":{"rendered":"","protected":false},"featured_media":2180,"comment_status":"open","ping_status":"open","template":"","class_list":["post-11685","obituary","type-obituary","status-publish","has-post-thumbnail","hentry"],"acf":{"email_obituary":"","death_place":"","obituary_birth_date":"11 February 1949","obituary_death_date":"28 May 2021","death_age":"72 years old","obituary_description":"At the Albatros House in Trois-Rivi\u00e8res, on May 28, 2021, at the age of 72, passed away Mr. Hugues Lambert, son of the late Raymond Lambert and the late Madeleine Tessier of Nicolet. He is survived by his son Jean-Fran\u00e7ois, his daughter Marie-\u00c8ve (Miguel Vincent). His grandchildren Ana\u00efs Vincent Lambert, Mah\u00e9e Vincent, and Francis Lambert. His siblings Jocelyne, Denis (Claire St-Cyr), Yves (Marthe-Andr\u00e9e Lamothe), the late Pierre (H\u00e9l\u00e8ne Trottier), and the late Mario Lambert. His two best friends; Peggy Scatcherd and Benoit Blais, as well as many cousins, nephews, nieces, and friends.    ","exposition":{"location":"","address":"","repeater":[{"date":"","starting_hour":"","ending_hour":""}]},"ceremony":{"location":"","address":"","repeater":[{"date":"","starting_hour":"","ending_hour":""}]},"burrial":{"location":"","specific_location":"","address":"","repeater":[{"date":"","starting_hour":"","ending_hour":""}]},"reception":{"location":"","address":"","repeater":[{"date":"","starting_hour":"","ending_hour":""}]},"thanks":"Expressions of sympathy may be made through donations to the Albatros Foundation at 2115, avenue A, Trois-Rivi\u00e8res, Qc G8Z 2X2.","organism_list":[],"other_organisms":"","funeral_home":[666],"other_funeral_homes":"","memoriam_option":"none","memoriam_images_base_repeater":null,"memoriam_images_premium_repeater":null,"qr_plaque_option":"none","qr_plaque_quantity":0},"_links":{"self":[{"href":"https:\/\/publideces.com\/en\/wp-json\/wp\/v2\/obituary\/11685","targetHints":{"allow":["GET"]}}],"collection":[{"href":"https:\/\/publideces.com\/en\/wp-json\/wp\/v2\/obituary"}],"about":[{"href":"https:\/\/publideces.com\/en\/wp-json\/wp\/v2\/types\/obituary"}],"replies":[{"embeddable":true,"href":"https:\/\/publideces.com\/en\/wp-json\/wp\/v2\/comments?post=11685"}],"acf:post":[{"embeddable":true,"href":"https:\/\/publideces.com\/en\/wp-json\/wp\/v2\/funeral_home\/666"}],"wp:featuredmedia":[{"embeddable":true,"href":"https:\/\/publideces.com\/en\/wp-json\/wp\/v2\/media\/2180"}],"wp:attachment":[{"href":"https:\/\/publideces.com\/en\/wp-json\/wp\/v2\/media?parent=11685"}],"curies":[{"name":"wp","href":"https:\/\/api.w.org\/{rel}","templated":true}]}}

At the Albatros House in Trois-Rivières, on May 28, 2021, at the age of 72, passed away Mr. Hugues Lambert, son of the late Raymond Lambert and the late Madeleine Tessier of Nicolet. He is survived by his son Jean-François, his daughter Marie-Ève (Miguel Vincent). His grandchildren Anaïs Vincent Lambert, Mahée Vincent, and Francis Lambert. His siblings Jocelyne, Denis (Claire St-Cyr), Yves (Marthe-Andrée Lamothe), the late Pierre (Hélène Trottier), and the late Mario Lambert. His two best friends; Peggy Scatcherd and Benoit Blais, as well as many cousins, nephews, nieces, and friends.

Expressions of sympathy may be made through donations to the Albatros Foundation at 2115, avenue A, Trois-Rivières, Qc G8Z 2X2.
