{"id":11701,"date":"2023-12-12T15:25:59","date_gmt":"2023-12-12T20:25:59","guid":{"rendered":"https:\/\/publideces.com\/obituaries\/claudette-frechette\/"},"modified":"2023-12-12T15:25:59","modified_gmt":"2023-12-12T20:25:59","slug":"claudette-frechette","status":"publish","type":"obituary","link":"https:\/\/publideces.com\/en\/obituaries\/claudette-frechette\/","title":{"rendered":"Claudette Fr\u00e9chette"},"content":{"rendered":"","protected":false},"featured_media":2258,"comment_status":"open","ping_status":"open","template":"","class_list":["post-11701","obituary","type-obituary","status-publish","has-post-thumbnail","hentry"],"acf":{"email_obituary":"","death_place":"","obituary_birth_date":"3 May 1942","obituary_death_date":"10 March 2022","death_age":"79 years old","obituary_description":"<p style=\"background: white; margin: 22.5pt 0cm 7.5pt 0cm;\"><span style=\"font-family: 'Lato',sans-serif; color: black;\">At the Cit\u00e9-de-la-Sant\u00e9 Hospital in Laval, on March 10, 2022, at the age of 79, passed away Mrs. Claudette Sanfa\u00e7on (Fr\u00e9chette), wife of Ren\u00e9 Sanfa\u00e7on. She was the daughter of the late Lorenzo Fr\u00e9chette and the late Fernande Leblanc.  <\/span><\/p>\n<p style=\"background: white; margin: 22.5pt 0cm 7.5pt 0cm;\"><span style=\"font-family: 'Lato',sans-serif; color: black;\">She leaves to mourn, besides her husband, her daughter Nathalie (Martin-Henri Villeneuve), her son Dominique (Marie-Jos\u00e9e Lefebvre), her grandchildren: Marie-No\u00ebl, Alexandre, Gabrielle, Oc\u00e9anne-Maude, Christian-Xavier, and Laurie-Anne. Her brothers and sisters: Michel Fr\u00e9chette (Line St-Pierre) and Denyse Fr\u00e9chette; her brothers-in-law and sisters-in-law: Th\u00e9r\u00e8se Sanfa\u00e7on (the late Roger B\u00e9dard), Michel Sanfa\u00e7on, Louise Sanfa\u00e7on (Michel Brochu); Pierrette Donaldson (the late Jean-Paul Sanfa\u00e7on), Gilles Garneau (the late Mariette Sanfa\u00e7on); her close friends Monique B\u00e9dard and Magella Lebel, as well as many cousins, nephews, nieces, and friends.  <\/span><\/p>\n<p style=\"background: white; margin: 22.5pt 0cm 7.5pt 0cm;\"><span style=\"font-family: 'Lato',sans-serif; color: black;\">The family will receive condolences in Quebec City at St-Albert-le-Grand Parish Church at a later date.<\/span><\/p>\n<p style=\"background: white; margin: 22.5pt 0cm 7.5pt 0cm;\"><span style=\"font-family: 'Lato',sans-serif; color: black;\">The family wishes to warmly thank the staff of Home Support SAPA Team 4, the staff of the Cit\u00e9-de-la-Sant\u00e9 Hospital, the staff of the medical team at R\u00e9sidences Soleil Manoir Laval, as well as Dr. Yves Levi, for the excellent care provided.<\/span><\/p>\n<p style=\"background: white; margin: 22.5pt 0cm 7.5pt 0cm;\"><span style=\"font-family: 'Lato',sans-serif; color: black;\">Claudette will remain in our memories as a loving, generous, benevolent wife and mother, demonstrating great resilience. She was also a meticulous artisan with great patience. <\/span><\/p>","exposition":{"location":"St-Albert-le-Grand Parish Church, 3055 2nd Ave, Quebec City, QC G1L 3G1","address":"","repeater":[{"date":"","starting_hour":"","ending_hour":""}]},"ceremony":{"location":"St-Albert-le-Grand Parish Church, 3055 2nd Ave, Quebec City, QC G1L 3G1","address":"","repeater":[{"date":"","starting_hour":"","ending_hour":""}]},"burrial":{"location":"","specific_location":"","address":"","repeater":[{"date":"","starting_hour":"","ending_hour":""}]},"reception":{"location":"","address":"","repeater":[{"date":"","starting_hour":"","ending_hour":""}]},"thanks":"","organism_list":[],"other_organisms":"","funeral_home":[666],"other_funeral_homes":"","memoriam_option":"none","memoriam_images_base_repeater":null,"memoriam_images_premium_repeater":null,"qr_plaque_option":"none","qr_plaque_quantity":0},"_links":{"self":[{"href":"https:\/\/publideces.com\/en\/wp-json\/wp\/v2\/obituary\/11701","targetHints":{"allow":["GET"]}}],"collection":[{"href":"https:\/\/publideces.com\/en\/wp-json\/wp\/v2\/obituary"}],"about":[{"href":"https:\/\/publideces.com\/en\/wp-json\/wp\/v2\/types\/obituary"}],"replies":[{"embeddable":true,"href":"https:\/\/publideces.com\/en\/wp-json\/wp\/v2\/comments?post=11701"}],"acf:post":[{"embeddable":true,"href":"https:\/\/publideces.com\/en\/wp-json\/wp\/v2\/funeral_home\/666"}],"wp:featuredmedia":[{"embeddable":true,"href":"https:\/\/publideces.com\/en\/wp-json\/wp\/v2\/media\/2258"}],"wp:attachment":[{"href":"https:\/\/publideces.com\/en\/wp-json\/wp\/v2\/media?parent=11701"}],"curies":[{"name":"wp","href":"https:\/\/api.w.org\/{rel}","templated":true}]}}

Claudette Fréchette

<p style="background: white; margin: 22.5pt 0cm 7.5pt 0cm;"><span style="font-family: 'Lato',sans-serif; color: black;">At the Cité-de-la-Santé Hospital in Laval, on March 10, 2022, at the age of 79, passed away Mrs. Claudette Sanfaçon (Fréchette), wife of René Sanfaçon. She was the daughter of the late Lorenzo Fréchette and the late Fernande Leblanc.  </span></p>
<p style="background: white; margin: 22.5pt 0cm 7.5pt 0cm;"><span style="font-family: 'Lato',sans-serif; color: black;">She leaves to mourn, besides her husband, her daughter Nathalie (Martin-Henri Villeneuve), her son Dominique (Marie-Josée Lefebvre), her grandchildren: Marie-Noël, Alexandre, Gabrielle, Océanne-Maude, Christian-Xavier, and Laurie-Anne. Her brothers and sisters: Michel Fréchette (Line St-Pierre) and Denyse Fréchette; her brothers-in-law and sisters-in-law: Thérèse Sanfaçon (the late Roger Bédard), Michel Sanfaçon, Louise Sanfaçon (Michel Brochu); Pierrette Donaldson (the late Jean-Paul Sanfaçon), Gilles Garneau (the late Mariette Sanfaçon); her close friends Monique Bédard and Magella Lebel, as well as many cousins, nephews, nieces, and friends.  </span></p>
<p style="background: white; margin: 22.5pt 0cm 7.5pt 0cm;"><span style="font-family: 'Lato',sans-serif; color: black;">The family will receive condolences in Quebec City at St-Albert-le-Grand Parish Church at a later date.</span></p>
<p style="background: white; margin: 22.5pt 0cm 7.5pt 0cm;"><span style="font-family: 'Lato',sans-serif; color: black;">The family wishes to warmly thank the staff of Home Support SAPA Team 4, the staff of the Cité-de-la-Santé Hospital, the staff of the medical team at Résidences Soleil Manoir Laval, as well as Dr. Yves Levi, for the excellent care provided.</span></p>
<p style="background: white; margin: 22.5pt 0cm 7.5pt 0cm;"><span style="font-family: 'Lato',sans-serif; color: black;">Claudette will remain in our memories as a loving, generous, benevolent wife and mother, demonstrating great resilience. She was also a meticulous artisan with great patience. </span></p>
