{"id":11704,"date":"2023-12-12T15:26:03","date_gmt":"2023-12-12T20:26:03","guid":{"rendered":"https:\/\/publideces.com\/obituaries\/marielle-genest\/"},"modified":"2025-11-05T16:20:10","modified_gmt":"2025-11-05T21:20:10","slug":"marielle-genest","status":"publish","type":"obituary","link":"https:\/\/publideces.com\/en\/obituaries\/marielle-genest\/","title":{"rendered":"Marielle Genest"},"content":{"rendered":"","protected":false},"featured_media":2284,"comment_status":"open","ping_status":"open","template":"","class_list":["post-11704","obituary","type-obituary","status-publish","has-post-thumbnail","hentry"],"acf":{"email_obituary":"","death_place":"","obituary_birth_date":"15 February 1937","obituary_death_date":"31 May 2022","death_age":"85 years old","obituary_description":"We regret to announce the passing of Mrs. Marielle Genest, 85, wife of the late Mr. Rosaire Boily, which occurred on May 31, 2022, at Lanaudi\u00e8re Hospital. She was the daughter of the late Bertha Jam and the late Aim\u00e9 Genest. She is survived by her two daughters: Francine (Luc), Suzanne (Paul), her son Robert (C\u00e9line), her two beloved grandsons: Maxime and Louka, her sister Claudette, and her late brothers: Adrien, Lionel (Claire), Gilles, and Bertrand (Lise), as well as many nephews, nieces, other relatives, and friends.  ","exposition":{"location":"Lachance Inc. Funeral Complex Chapel","address":"","repeater":[{"date":"","starting_hour":"","ending_hour":""}]},"ceremony":{"location":"Lachance Inc. Funeral Complex Chapel","address":"","repeater":[{"date":"","starting_hour":"","ending_hour":""}]},"burrial":{"location":"","specific_location":"","address":"","repeater":[{"date":"","starting_hour":"","ending_hour":""}]},"reception":{"location":"","address":"","repeater":[{"date":"","starting_hour":"","ending_hour":""}]},"thanks":"","organism_list":[],"other_organisms":"","funeral_home":[666],"other_funeral_homes":"","memoriam_option":"none","memoriam_images_base_repeater":null,"memoriam_images_premium_repeater":null,"qr_plaque_option":"none","qr_plaque_quantity":0},"_links":{"self":[{"href":"https:\/\/publideces.com\/en\/wp-json\/wp\/v2\/obituary\/11704","targetHints":{"allow":["GET"]}}],"collection":[{"href":"https:\/\/publideces.com\/en\/wp-json\/wp\/v2\/obituary"}],"about":[{"href":"https:\/\/publideces.com\/en\/wp-json\/wp\/v2\/types\/obituary"}],"replies":[{"embeddable":true,"href":"https:\/\/publideces.com\/en\/wp-json\/wp\/v2\/comments?post=11704"}],"acf:post":[{"embeddable":true,"href":"https:\/\/publideces.com\/en\/wp-json\/wp\/v2\/funeral_home\/666"}],"wp:featuredmedia":[{"embeddable":true,"href":"https:\/\/publideces.com\/en\/wp-json\/wp\/v2\/media\/2284"}],"wp:attachment":[{"href":"https:\/\/publideces.com\/en\/wp-json\/wp\/v2\/media?parent=11704"}],"curies":[{"name":"wp","href":"https:\/\/api.w.org\/{rel}","templated":true}]}}

We regret to announce the passing of Mrs. Marielle Genest, 85, wife of the late Mr. Rosaire Boily, which occurred on May 31, 2022, at Lanaudière Hospital. She was the daughter of the late Bertha Jam and the late Aimé Genest. She is survived by her two daughters: Francine (Luc), Suzanne (Paul), her son Robert (Céline), her two beloved grandsons: Maxime and Louka, her sister Claudette, and her late brothers: Adrien, Lionel (Claire), Gilles, and Bertrand (Lise), as well as many nephews, nieces, other relatives, and friends.
