{"id":11707,"date":"2023-12-12T15:26:03","date_gmt":"2023-12-12T20:26:03","guid":{"rendered":"https:\/\/publideces.com\/obituaries\/monique-ducharme\/"},"modified":"2025-11-05T16:20:21","modified_gmt":"2025-11-05T21:20:21","slug":"monique-ducharme","status":"publish","type":"obituary","link":"https:\/\/publideces.com\/en\/obituaries\/monique-ducharme\/","title":{"rendered":"Monique Ducharme"},"content":{"rendered":"","protected":false},"featured_media":2290,"comment_status":"open","ping_status":"open","template":"","class_list":["post-11707","obituary","type-obituary","status-publish","has-post-thumbnail","hentry"],"acf":{"email_obituary":"","death_place":"","obituary_birth_date":"April 12, 1940","obituary_death_date":"June 2, 2022","death_age":"82 years old","obituary_description":"At the CHSLD Parphilia-Ferland, on June 2, 2022, at the age of 81 years and 6 months, Mrs. Monique Ducharme, wife of Mr. Andr\u00e9 Leroux of Crabtree, passed away. In addition to her husband, the deceased is survived by her children: Christine (Sylvain Ladouceur) and Julie (Pierre Bibeau); her grandchildren: Marc-Andr\u00e9 (St\u00e9phanie Grenier-Provost), Emanuelle, Marie-\u00c8ve (Yanick Laurence), Ariane and Nicolas; her great-grandchildren: Aby, Daphn\u00e9e and Romane; her brothers: Jacques (Lucie Gagn\u00e9), Jean, and Ren\u00e9 (Narcisa Puf); her brothers-in-law, sisters-in-law, nephews, nieces, other relatives and friends.   ","exposition":{"location":"Lachance Funeral Complex Inc.","address":"","repeater":[{"date":"","starting_hour":"","ending_hour":""}]},"ceremony":{"location":"Lachance Inc. Funeral Complex Chapel","address":"","repeater":[{"date":"","starting_hour":"","ending_hour":""}]},"burrial":{"location":"","specific_location":"","address":"","repeater":[{"date":"","starting_hour":"","ending_hour":""}]},"reception":{"location":"","address":"","repeater":[{"date":"","starting_hour":"","ending_hour":""}]},"thanks":"In lieu of flowers, donations may be made to Parkinson Quebec for research.","organism_list":[],"other_organisms":"","funeral_home":[666],"other_funeral_homes":"","memoriam_option":"none","memoriam_images_base_repeater":null,"memoriam_images_premium_repeater":null,"qr_plaque_option":"none","qr_plaque_quantity":0},"_links":{"self":[{"href":"https:\/\/publideces.com\/en\/wp-json\/wp\/v2\/obituary\/11707","targetHints":{"allow":["GET"]}}],"collection":[{"href":"https:\/\/publideces.com\/en\/wp-json\/wp\/v2\/obituary"}],"about":[{"href":"https:\/\/publideces.com\/en\/wp-json\/wp\/v2\/types\/obituary"}],"replies":[{"embeddable":true,"href":"https:\/\/publideces.com\/en\/wp-json\/wp\/v2\/comments?post=11707"}],"acf:post":[{"embeddable":true,"href":"https:\/\/publideces.com\/en\/wp-json\/wp\/v2\/funeral_home\/666"}],"wp:featuredmedia":[{"embeddable":true,"href":"https:\/\/publideces.com\/en\/wp-json\/wp\/v2\/media\/2290"}],"wp:attachment":[{"href":"https:\/\/publideces.com\/en\/wp-json\/wp\/v2\/media?parent=11707"}],"curies":[{"name":"wp","href":"https:\/\/api.w.org\/{rel}","templated":true}]}}

At the CHSLD Parphilia-Ferland, on June 2, 2022, at the age of 81 years and 6 months, Mrs. Monique Ducharme, wife of Mr. André Leroux of Crabtree, passed away. In addition to her husband, the deceased is survived by her children: Christine (Sylvain Ladouceur) and Julie (Pierre Bibeau); her grandchildren: Marc-André (Stéphanie Grenier-Provost), Emanuelle, Marie-Ève (Yanick Laurence), Ariane and Nicolas; her great-grandchildren: Aby, Daphnée and Romane; her brothers: Jacques (Lucie Gagné), Jean, and René (Narcisa Puf); her brothers-in-law, sisters-in-law, nephews, nieces, other relatives and friends.
