{"id":11722,"date":"2023-12-12T15:26:17","date_gmt":"2023-12-12T20:26:17","guid":{"rendered":"https:\/\/publideces.com\/obituaries\/martin-bonhomme\/"},"modified":"2023-12-12T15:26:17","modified_gmt":"2023-12-12T20:26:17","slug":"martin-bonhomme","status":"publish","type":"obituary","link":"https:\/\/publideces.com\/en\/obituaries\/martin-bonhomme\/","title":{"rendered":"Martin Bonhomme"},"content":{"rendered":"","protected":false},"featured_media":2331,"comment_status":"open","ping_status":"open","template":"","class_list":["post-11722","obituary","type-obituary","status-publish","has-post-thumbnail","hentry"],"acf":{"email_obituary":"","death_place":"","obituary_birth_date":"14 September 1988","obituary_death_date":"14 September 2022","death_age":"34 years","obituary_description":"In Crabtree, on September 14, 2022, at the age of 34, Mr. Martin Bonhomme passed away. He was the son of Johanne Charland and the late Lucien Bonhomme. He is survived by his brothers and sisters: David, Caroline, Mimika, Sara, Bibianne, Luc, Gabriel, Natacha, Katia, Isabelle, Fran\u00e7ois, and Michel; also by his best friend and confidant J\u00e9r\u00e9my Boucher, and many other relatives and friends. ","exposition":{"location":"Lachance Funeral Complex Inc. 152, Cur\u00e9-Rondeau Street Notre-Dame-des-Prairies (QC) J6E 1G8 ","address":"","repeater":[{"date":"","starting_hour":"","ending_hour":""}]},"ceremony":{"location":"","address":"","repeater":[{"date":"","starting_hour":"","ending_hour":""}]},"burrial":{"location":"","specific_location":"","address":"","repeater":[{"date":"","starting_hour":"","ending_hour":""}]},"reception":{"location":"","address":"","repeater":[{"date":"","starting_hour":"","ending_hour":""}]},"thanks":"","organism_list":[],"other_organisms":"","funeral_home":[666],"other_funeral_homes":"","memoriam_option":"none","memoriam_images_base_repeater":null,"memoriam_images_premium_repeater":null,"qr_plaque_option":"none","qr_plaque_quantity":0},"_links":{"self":[{"href":"https:\/\/publideces.com\/en\/wp-json\/wp\/v2\/obituary\/11722","targetHints":{"allow":["GET"]}}],"collection":[{"href":"https:\/\/publideces.com\/en\/wp-json\/wp\/v2\/obituary"}],"about":[{"href":"https:\/\/publideces.com\/en\/wp-json\/wp\/v2\/types\/obituary"}],"replies":[{"embeddable":true,"href":"https:\/\/publideces.com\/en\/wp-json\/wp\/v2\/comments?post=11722"}],"acf:post":[{"embeddable":true,"href":"https:\/\/publideces.com\/en\/wp-json\/wp\/v2\/funeral_home\/666"}],"wp:featuredmedia":[{"embeddable":true,"href":"https:\/\/publideces.com\/en\/wp-json\/wp\/v2\/media\/2331"}],"wp:attachment":[{"href":"https:\/\/publideces.com\/en\/wp-json\/wp\/v2\/media?parent=11722"}],"curies":[{"name":"wp","href":"https:\/\/api.w.org\/{rel}","templated":true}]}}

In Crabtree, on September 14, 2022, at the age of 34, Mr. Martin Bonhomme passed away. He was the son of Johanne Charland and the late Lucien Bonhomme. He is survived by his brothers and sisters: David, Caroline, Mimika, Sara, Bibianne, Luc, Gabriel, Natacha, Katia, Isabelle, François, and Michel; also by his best friend and confidant Jérémy Boucher, and many other relatives and friends.

Lachance Funeral Complex Inc. 152, Curé-Rondeau Street Notre-Dame-des-Prairies (QC) J6E 1G8
