{"id":11771,"date":"2023-12-12T15:25:59","date_gmt":"2023-12-12T20:25:59","guid":{"rendered":"https:\/\/publideces.com\/obituaries\/robert-boucher\/"},"modified":"2025-11-05T16:21:34","modified_gmt":"2025-11-05T21:21:34","slug":"robert-boucher","status":"publish","type":"obituary","link":"https:\/\/publideces.com\/en\/obituaries\/robert-boucher\/","title":{"rendered":"Robert Boucher"},"content":{"rendered":"","protected":false},"featured_media":2270,"comment_status":"open","ping_status":"open","template":"","class_list":["post-11771","obituary","type-obituary","status-publish","has-post-thumbnail","hentry"],"acf":{"email_obituary":"","death_place":"","obituary_birth_date":"1 March 1944","obituary_death_date":"10 February 2022","death_age":"77 years old","obituary_description":"In St-Ambroise-de-Kildare, on February 10, 2022, at the age of 77, Mr. Robert Boucher, husband of the late Mrs. Cl\u00e9mence Morel, passed away.\n\nHe is survived by his children: Steeve, Andr\u00e9 (Karine Duchesne); his grandchildren: M\u00e9li-Anne, Malorie, Mya-Rose, J\u00e9r\u00e9my, \u00c9my-Jade, Anthony and Nelly; his brothers and sisters: Yves (Lorraine Boisjoly), Nicole Nadeau (Daniel Gareau), Carmen Nadeau (Richard Ladouceur); his brothers-in-law, sisters-in-law, nephews, nieces, other relatives and friends.\n\nThose wishing to pay their last respects will be received by the family on Saturday, May 14, 2022, from 2:00 PM to 3:00 PM, to receive your condolences at the St-Ambroise-de-Kildare church.\n\nInterment at the same cemetery.\n\n\u00a0","exposition":{"location":"Church of Saint-Ambroise-de-Kildare","address":"","repeater":[{"date":"","starting_hour":"","ending_hour":""}]},"ceremony":{"location":"Church of Saint-Ambroise-de Kildare 780, Main Street West Saint-Ambroise-de-Kildare J0K 1C0","address":"","repeater":[{"date":"","starting_hour":"","ending_hour":""}]},"burrial":{"location":"","specific_location":"","address":"","repeater":[{"date":"","starting_hour":"","ending_hour":""}]},"reception":{"location":"","address":"","repeater":[{"date":"","starting_hour":"","ending_hour":""}]},"thanks":"","organism_list":[],"other_organisms":"","funeral_home":[666],"other_funeral_homes":"","memoriam_option":"none","memoriam_images_base_repeater":null,"memoriam_images_premium_repeater":null,"qr_plaque_option":"none","qr_plaque_quantity":0},"_links":{"self":[{"href":"https:\/\/publideces.com\/en\/wp-json\/wp\/v2\/obituary\/11771","targetHints":{"allow":["GET"]}}],"collection":[{"href":"https:\/\/publideces.com\/en\/wp-json\/wp\/v2\/obituary"}],"about":[{"href":"https:\/\/publideces.com\/en\/wp-json\/wp\/v2\/types\/obituary"}],"replies":[{"embeddable":true,"href":"https:\/\/publideces.com\/en\/wp-json\/wp\/v2\/comments?post=11771"}],"acf:post":[{"embeddable":true,"href":"https:\/\/publideces.com\/en\/wp-json\/wp\/v2\/funeral_home\/666"}],"wp:featuredmedia":[{"embeddable":true,"href":"https:\/\/publideces.com\/en\/wp-json\/wp\/v2\/media\/2270"}],"wp:attachment":[{"href":"https:\/\/publideces.com\/en\/wp-json\/wp\/v2\/media?parent=11771"}],"curies":[{"name":"wp","href":"https:\/\/api.w.org\/{rel}","templated":true}]}}

In St-Ambroise-de-Kildare, on February 10, 2022, at the age of 77, Mr. Robert Boucher, husband of the late Mrs. Clémence Morel, passed away.

He is survived by his children: Steeve, André (Karine Duchesne); his grandchildren: Méli-Anne, Malorie, Mya-Rose, Jérémy, Émy-Jade, Anthony and Nelly; his brothers and sisters: Yves (Lorraine Boisjoly), Nicole Nadeau (Daniel Gareau), Carmen Nadeau (Richard Ladouceur); his brothers-in-law, sisters-in-law, nephews, nieces, other relatives and friends.

Those wishing to pay their last respects will be received by the family on Saturday, May 14, 2022, from 2:00 PM to 3:00 PM, to receive your condolences at the St-Ambroise-de-Kildare church.

Interment at the same cemetery.
