{"id":11783,"date":"2024-02-28T13:12:20","date_gmt":"2024-02-28T18:12:20","guid":{"rendered":"https:\/\/publideces.com\/obituaries\/diane-labrecque\/"},"modified":"2024-02-28T13:12:20","modified_gmt":"2024-02-28T18:12:20","slug":"diane-labrecque","status":"publish","type":"obituary","link":"https:\/\/publideces.com\/en\/obituaries\/diane-labrecque\/","title":{"rendered":"Diane Labrecque"},"content":{"rendered":"","protected":false},"featured_media":9044,"comment_status":"open","ping_status":"closed","template":"","class_list":["post-11783","obituary","type-obituary","status-publish","has-post-thumbnail","hentry"],"acf":{"email_obituary":"","death_place":"Granby","obituary_birth_date":" June 7, 1956","obituary_death_date":"07-02-2024","death_age":"67 years old","obituary_description":"It is with great sadness that we announce the passing of Mrs. Diane Labrecque, who passed away on February 7, 2024, at the age of 67, in Granby. She was the daughter of Jeanne-Mance Raymond and the late Raymond Labrecque. \n\nIn addition to her mother Jeanne-Mance Raymond, she is survived by her son Alexandre (Julie Leduc), her beloved granddaughters Aliz\u00e9e and Mah\u00e9e. Her sisters and brothers: Daniel (Chantal Lacroix), Lyne, Luc, Andr\u00e9e, Alain, and Jacques. She is also survived by her nephews, nieces, cousins, aunts, uncles, other relatives (Nathalie and Robert Bertrand), colleagues, and friends.  \n\nDiane celebrated life with her smile, generosity, and love of life. She will be deeply missed by her loved ones. \n\nThe ceremony was held privately with immediate family only.\n\nDonations can be sent to the Canadian Cancer Society for multiple myeloma research.","exposition":{"location":"","address":"","repeater":null},"ceremony":{"location":"","address":"","repeater":null},"burrial":{"location":"","specific_location":"","address":"","repeater":null},"reception":{"location":"","address":"","repeater":null},"thanks":"Sincere thanks to the staff of the oncology department, palliative care, and the CLSC of Granby for their dedication.","organism_list":[472],"other_organisms":"","funeral_home":[666],"other_funeral_homes":"","memoriam_option":"none","memoriam_images_base_repeater":null,"memoriam_images_premium_repeater":null,"qr_plaque_option":"none","qr_plaque_quantity":0},"_links":{"self":[{"href":"https:\/\/publideces.com\/en\/wp-json\/wp\/v2\/obituary\/11783","targetHints":{"allow":["GET"]}}],"collection":[{"href":"https:\/\/publideces.com\/en\/wp-json\/wp\/v2\/obituary"}],"about":[{"href":"https:\/\/publideces.com\/en\/wp-json\/wp\/v2\/types\/obituary"}],"replies":[{"embeddable":true,"href":"https:\/\/publideces.com\/en\/wp-json\/wp\/v2\/comments?post=11783"}],"acf:post":[{"embeddable":true,"href":"https:\/\/publideces.com\/en\/wp-json\/wp\/v2\/funeral_home\/666"},{"embeddable":true,"href":"https:\/\/publideces.com\/en\/wp-json\/wp\/v2\/organism\/472"}],"wp:featuredmedia":[{"embeddable":true,"href":"https:\/\/publideces.com\/en\/wp-json\/wp\/v2\/media\/9044"}],"wp:attachment":[{"href":"https:\/\/publideces.com\/en\/wp-json\/wp\/v2\/media?parent=11783"}],"curies":[{"name":"wp","href":"https:\/\/api.w.org\/{rel}","templated":true}]}}

It is with great sadness that we announce the passing of Mrs. Diane Labrecque, who passed away on February 7, 2024, at the age of 67, in Granby. She was the daughter of Jeanne-Mance Raymond and the late Raymond Labrecque. 

In addition to her mother Jeanne-Mance Raymond, she is survived by her son Alexandre (Julie Leduc), her beloved granddaughters Alizée and Mahée. Her sisters and brothers: Daniel (Chantal Lacroix), Lyne, Luc, Andrée, Alain, and Jacques. She is also survived by her nephews, nieces, cousins, aunts, uncles, other relatives (Nathalie and Robert Bertrand), colleagues, and friends.  

Diane celebrated life with her smile, generosity, and love of life. She will be deeply missed by her loved ones. 

The ceremony was held privately with immediate family only.

Donations can be sent to the Canadian Cancer Society for multiple myeloma research.
