{"id":11796,"date":"2024-03-15T10:44:08","date_gmt":"2024-03-15T14:44:08","guid":{"rendered":"https:\/\/publideces.com\/obituaries\/rivard-forest\/"},"modified":"2024-03-15T10:44:08","modified_gmt":"2024-03-15T14:44:08","slug":"rivard-forest","status":"publish","type":"obituary","link":"https:\/\/publideces.com\/en\/obituaries\/rivard-forest\/","title":{"rendered":"Rivard Forest"},"content":{"rendered":"","protected":false},"featured_media":9169,"comment_status":"open","ping_status":"closed","template":"","class_list":["post-11796","obituary","type-obituary","status-publish","has-post-thumbnail","hentry"],"acf":{"email_obituary":"info@publideces.com","death_place":"Lanaudi\u00e8re Hospital Center","obituary_birth_date":"February 20, 1930","obituary_death_date":"March 12, 2024","death_age":"94 years","obituary_description":"On March 12, 2024, at the Lanaudi\u00e8re Hospital Center, at the age of 94, Mr. Rivard Forest, husband of the late Th\u00e9r\u00e8se Breault, of Notre-Dame-des-Prairies, passed away peacefully.\n\nHe is survived by his daughter, Johanne Forest (Robert Masse); his son, Luc Forest (France L\u00e9gar\u00e9); his grandchildren, the late Marc-Andr\u00e9 Forest (St\u00e9phanie Poirier), Jean-Philippe Lisi (Audrey Laporte), Louis-Fran\u00e7ois Lisi (Kim Gionet-Babin); his 6 great-grandchildren, Rebecca, Zack, Victor, Mannix, Caleb, Jules; as well as many other relatives and friends.\n\nExpressions of sympathy may be made through a donation to the Canadian Cancer Society or to the Fondation pour la Sant\u00e9 du Nord de Lanaudi\u00e8re. Forms will be available at the funeral home or via the website. \n\nThe family will receive you on Saturday, March 23, 2024, starting at 9:30 AM, at the funeral home of Complexe fun\u00e9raire Lachance inc.\n\nMr. Forest will be interred at Joliette Cemetery at a later date.","exposition":{"location":"Lachance Funeral Complex Inc.","address":" 152 R. Cur\u00e9-Rondeau, Notre-Dame-des-Prairies, QC J6E 1G8 Quebec, Canada","repeater":[{"date":"2024-03-23","starting_hour":"09:30","ending_hour":"12:30"},{"date":"2024-03-23","starting_hour":"13:30","ending_hour":"16:30"}]},"ceremony":{"location":"Lachance Inc. Funeral Complex Chapel","address":" 152 R. Cur\u00e9-Rondeau, Notre-Dame-des-Prairies, QC J6E 1G8 Quebec Canada ","repeater":[{"date":"2024-03-23","starting_hour":"16:00","ending_hour":"16:30"}]},"burrial":{"location":"Joliette Cemetery","specific_location":"","address":" 1069 R. L\u00e9pine, Joliette, QC J6E 4B4 Quebec Canada","repeater":null},"reception":{"location":"","address":"","repeater":null},"thanks":"","organism_list":[472,5767],"other_organisms":"","funeral_home":[669],"other_funeral_homes":"","memoriam_option":"none","memoriam_images_base_repeater":null,"memoriam_images_premium_repeater":null,"qr_plaque_option":"none","qr_plaque_quantity":0},"_links":{"self":[{"href":"https:\/\/publideces.com\/en\/wp-json\/wp\/v2\/obituary\/11796","targetHints":{"allow":["GET"]}}],"collection":[{"href":"https:\/\/publideces.com\/en\/wp-json\/wp\/v2\/obituary"}],"about":[{"href":"https:\/\/publideces.com\/en\/wp-json\/wp\/v2\/types\/obituary"}],"replies":[{"embeddable":true,"href":"https:\/\/publideces.com\/en\/wp-json\/wp\/v2\/comments?post=11796"}],"acf:post":[{"embeddable":true,"href":"https:\/\/publideces.com\/en\/wp-json\/wp\/v2\/funeral_home\/669"},{"embeddable":true,"href":"https:\/\/publideces.com\/en\/wp-json\/wp\/v2\/organism\/5767"},{"embeddable":true,"href":"https:\/\/publideces.com\/en\/wp-json\/wp\/v2\/organism\/472"}],"wp:featuredmedia":[{"embeddable":true,"href":"https:\/\/publideces.com\/en\/wp-json\/wp\/v2\/media\/9169"}],"wp:attachment":[{"href":"https:\/\/publideces.com\/en\/wp-json\/wp\/v2\/media?parent=11796"}],"curies":[{"name":"wp","href":"https:\/\/api.w.org\/{rel}","templated":true}]}}

Lanaudière Hospital Center

On March 12, 2024, at the Lanaudière Hospital Center, at the age of 94, Mr. Rivard Forest, husband of the late Thérèse Breault, of Notre-Dame-des-Prairies, passed away peacefully.

He is survived by his daughter, Johanne Forest (Robert Masse); his son, Luc Forest (France Légaré); his grandchildren, the late Marc-André Forest (Stéphanie Poirier), Jean-Philippe Lisi (Audrey Laporte), Louis-François Lisi (Kim Gionet-Babin); his 6 great-grandchildren, Rebecca, Zack, Victor, Mannix, Caleb, Jules; as well as many other relatives and friends.

Expressions of sympathy may be made through a donation to the Canadian Cancer Society or to the Fondation pour la Santé du Nord de Lanaudière. Forms will be available at the funeral home or via the website. 

The family will receive you on Saturday, March 23, 2024, starting at 9:30 AM, at the funeral home of Complexe funéraire Lachance inc.

Mr. Forest will be interred at Joliette Cemetery at a later date.

152 R. Curé-Rondeau, Notre-Dame-des-Prairies, QC J6E 1G8 Quebec, Canada

152 R. Curé-Rondeau, Notre-Dame-des-Prairies, QC J6E 1G8 Quebec Canada

1069 R. Lépine, Joliette, QC J6E 4B4 Quebec Canada
