{"id":11878,"date":"2023-12-12T15:25:36","date_gmt":"2023-12-12T20:25:36","guid":{"rendered":"https:\/\/publideces.com\/obituaries\/denise-boucher\/"},"modified":"2023-12-12T15:25:36","modified_gmt":"2023-12-12T20:25:36","slug":"denise-boucher","status":"publish","type":"obituary","link":"https:\/\/publideces.com\/en\/obituaries\/denise-boucher\/","title":{"rendered":"Denise Boucher"},"content":{"rendered":"","protected":false},"featured_media":2166,"comment_status":"open","ping_status":"open","template":"","class_list":["post-11878","obituary","type-obituary","status-publish","has-post-thumbnail","hentry"],"acf":{"email_obituary":"","death_place":"","obituary_birth_date":"February 8, 1940","obituary_death_date":"March 17, 2021","death_age":"81 years old","obituary_description":"At the Paul-Gilbert long-term care home, on Wednesday, March 17, 2021, at the age of 81, Mrs. Denise Boucher, wife of Mr. G\u00e9rald Desjardins, passed away. She was the daughter of Joseph Boucher and Gabrielle L\u00e9vesque. She resided in L\u00e9vis.  \n\nBesides her husband, she leaves to mourn her children: Claude (Chantal Champeau) and Yves (Lyne Lemieux). Her grandchildren: Charles (Simon Bri\u00e8re), Philippe (Wendy Duarte Rojas), Alexandra (Gabriel Maranon), Marie-Elyse (Michael H\u00e9bert), and Nicolas (Alessa Luis Lavertue). \n\nHer brothers, sisters, brothers-in-law, sisters-in-law from the Boucher and Desjardins families, as well as many nephews, nieces, relatives, and friends.","exposition":{"location":"","address":"","repeater":[{"date":"","starting_hour":"","ending_hour":""}]},"ceremony":{"location":"","address":"","repeater":[{"date":"","starting_hour":"","ending_hour":""}]},"burrial":{"location":"","specific_location":"","address":"","repeater":[{"date":"","starting_hour":"","ending_hour":""}]},"reception":{"location":"","address":"","repeater":[{"date":"","starting_hour":"","ending_hour":""}]},"thanks":"Expressions of sympathy may be sent by email to: boucherdeniseRIP@gmail.com or by a donation made in her memory to the Alzheimer Society Chaudi\u00e8re-Appalaches, 440 Vachon Blvd South, P.O. Box 1, Sainte-Marie, Beauce, G6E 3B4. ","organism_list":[],"other_organisms":"","funeral_home":[666],"other_funeral_homes":"","memoriam_option":"none","memoriam_images_base_repeater":null,"memoriam_images_premium_repeater":null,"qr_plaque_option":"none","qr_plaque_quantity":0},"_links":{"self":[{"href":"https:\/\/publideces.com\/en\/wp-json\/wp\/v2\/obituary\/11878","targetHints":{"allow":["GET"]}}],"collection":[{"href":"https:\/\/publideces.com\/en\/wp-json\/wp\/v2\/obituary"}],"about":[{"href":"https:\/\/publideces.com\/en\/wp-json\/wp\/v2\/types\/obituary"}],"replies":[{"embeddable":true,"href":"https:\/\/publideces.com\/en\/wp-json\/wp\/v2\/comments?post=11878"}],"acf:post":[{"embeddable":true,"href":"https:\/\/publideces.com\/en\/wp-json\/wp\/v2\/funeral_home\/666"}],"wp:featuredmedia":[{"embeddable":true,"href":"https:\/\/publideces.com\/en\/wp-json\/wp\/v2\/media\/2166"}],"wp:attachment":[{"href":"https:\/\/publideces.com\/en\/wp-json\/wp\/v2\/media?parent=11878"}],"curies":[{"name":"wp","href":"https:\/\/api.w.org\/{rel}","templated":true}]}}

At the Paul-Gilbert long-term care home, on Wednesday, March 17, 2021, at the age of 81, Mrs. Denise Boucher, wife of Mr. Gérald Desjardins, passed away. She was the daughter of Joseph Boucher and Gabrielle Lévesque. She resided in Lévis.  

Besides her husband, she leaves to mourn her children: Claude (Chantal Champeau) and Yves (Lyne Lemieux). Her grandchildren: Charles (Simon Brière), Philippe (Wendy Duarte Rojas), Alexandra (Gabriel Maranon), Marie-Elyse (Michael Hébert), and Nicolas (Alessa Luis Lavertue). 

Her brothers, sisters, brothers-in-law, sisters-in-law from the Boucher and Desjardins families, as well as many nephews, nieces, relatives, and friends.

Expressions of sympathy may be sent by email to: boucherdeniseRIP@gmail.com or by a donation made in her memory to the Alzheimer Society Chaudière-Appalaches, 440 Vachon Blvd South, P.O. Box 1, Sainte-Marie, Beauce, G6E 3B4.
