{"id":11893,"date":"2023-12-12T15:25:27","date_gmt":"2023-12-12T20:25:27","guid":{"rendered":"https:\/\/publideces.com\/obituaries\/denise-lecompte\/"},"modified":"2023-12-12T15:25:27","modified_gmt":"2023-12-12T20:25:27","slug":"denise-lecompte","status":"publish","type":"obituary","link":"https:\/\/publideces.com\/en\/obituaries\/denise-lecompte\/","title":{"rendered":"Denise Lecompte"},"content":{"rendered":"","protected":false},"featured_media":2128,"comment_status":"open","ping_status":"open","template":"","class_list":["post-11893","obituary","type-obituary","status-publish","has-post-thumbnail","hentry"],"acf":{"email_obituary":"","death_place":"","obituary_birth_date":"26 January 1927","obituary_death_date":"20 September 2020","death_age":"93 years old","obituary_description":"At the CHSLD R\u00e9sidence Riviera in Laval, on September 20, 2020, at the age of 93, passed away Mrs. Denise Lecompte (Fournier), wife of the late Mr. Jean-Pierre Fournier. She is survived by her children: Dani\u00e8le, Pierre (Doris Papineau), Marie-Jos\u00e9e (Luc Jalbert), Sylvain (Yolaine Lavoie). Her grandchildren: Vincent Emond (Caroline Lapierre), Catherine Emond, Pierre-Olivier Emond (Catherine Leclerc), Elisabeth Emond, Sabrina Fournier (Fran\u00e7ois Anctil), No\u00e9mie and Gabriel Jalbert, Etienne and Guillaume Fournier, as well as her great-grandchildren: Alexandre, Marjorie, Ariane, F\u00e9lix-Antoine, L\u00e9onard, Gaspard, Agathe, Aur\u00e8le and Paul-Emile, Lily-Rose and Ma\u00ebli, Maximilien, as well as relatives and friends.  ","exposition":{"location":"","address":"","repeater":[{"date":"","starting_hour":"","ending_hour":""}]},"ceremony":{"location":"","address":"","repeater":[{"date":"","starting_hour":"","ending_hour":""}]},"burrial":{"location":"","specific_location":"","address":"","repeater":[{"date":"","starting_hour":"","ending_hour":""}]},"reception":{"location":"","address":"","repeater":[{"date":"","starting_hour":"","ending_hour":""}]},"thanks":"","organism_list":[],"other_organisms":"","funeral_home":[666],"other_funeral_homes":"","memoriam_option":"none","memoriam_images_base_repeater":null,"memoriam_images_premium_repeater":null,"qr_plaque_option":"none","qr_plaque_quantity":0},"_links":{"self":[{"href":"https:\/\/publideces.com\/en\/wp-json\/wp\/v2\/obituary\/11893","targetHints":{"allow":["GET"]}}],"collection":[{"href":"https:\/\/publideces.com\/en\/wp-json\/wp\/v2\/obituary"}],"about":[{"href":"https:\/\/publideces.com\/en\/wp-json\/wp\/v2\/types\/obituary"}],"replies":[{"embeddable":true,"href":"https:\/\/publideces.com\/en\/wp-json\/wp\/v2\/comments?post=11893"}],"acf:post":[{"embeddable":true,"href":"https:\/\/publideces.com\/en\/wp-json\/wp\/v2\/funeral_home\/666"}],"wp:featuredmedia":[{"embeddable":true,"href":"https:\/\/publideces.com\/en\/wp-json\/wp\/v2\/media\/2128"}],"wp:attachment":[{"href":"https:\/\/publideces.com\/en\/wp-json\/wp\/v2\/media?parent=11893"}],"curies":[{"name":"wp","href":"https:\/\/api.w.org\/{rel}","templated":true}]}}

At the CHSLD Résidence Riviera in Laval, on September 20, 2020, at the age of 93, passed away Mrs. Denise Lecompte (Fournier), wife of the late Mr. Jean-Pierre Fournier. She is survived by her children: Danièle, Pierre (Doris Papineau), Marie-Josée (Luc Jalbert), Sylvain (Yolaine Lavoie). Her grandchildren: Vincent Emond (Caroline Lapierre), Catherine Emond, Pierre-Olivier Emond (Catherine Leclerc), Elisabeth Emond, Sabrina Fournier (François Anctil), Noémie and Gabriel Jalbert, Etienne and Guillaume Fournier, as well as her great-grandchildren: Alexandre, Marjorie, Ariane, Félix-Antoine, Léonard, Gaspard, Agathe, Aurèle and Paul-Emile, Lily-Rose and Maëli, Maximilien, as well as relatives and friends.
