{"id":11896,"date":"2023-12-12T15:25:31","date_gmt":"2023-12-12T20:25:31","guid":{"rendered":"https:\/\/publideces.com\/obituaries\/lucien-daviau\/"},"modified":"2023-12-12T15:25:31","modified_gmt":"2023-12-12T20:25:31","slug":"lucien-daviau","status":"publish","type":"obituary","link":"https:\/\/publideces.com\/en\/obituaries\/lucien-daviau\/","title":{"rendered":"Lucien Daviau"},"content":{"rendered":"","protected":false},"featured_media":2134,"comment_status":"open","ping_status":"open","template":"","class_list":["post-11896","obituary","type-obituary","status-publish","has-post-thumbnail","hentry"],"acf":{"email_obituary":"","death_place":"","obituary_birth_date":"10 January 1927","obituary_death_date":"10 January 2021","death_age":"94 years","obituary_description":"It is with sadness that we announce the passing of Mr. Lucien Daviau at the CHSLD Andr\u00e9e-Perrault in Saint-Hyacinthe, on January 10, 2021, at the age of 94 and a half.\n\nHusband of the late Bernadette Picard and the late Denise Petit, he is survived by his children; Denise (Andr\u00e9 Gauthier), Pierre (Shirley De Wolfe), Monique (Michel Gaudreault), Robert, Henri (Linda Dessureault), his grandchildren and great-grandchildren.\n\nHis brothers and sisters; the late Anita (the late Ren\u00e9 Bouthillette), the late Gabriel (Rita Laflamme), the late Armand (the late Madeleine Simoneau), the late Camille (the late Aline Dion), the late Rose-Marie (the late Lionel Morissette), the late Rose-H\u00e9l\u00e8ne (the late Henri-Paul Lacroix), the late Edmour (the late Marie-Claire Vermette), the late Marcel (the late Eva Roy), the late L\u00e9o-Paul (Denise Roy), the late Andr\u00e9 (Denise Martel), the late Jean-Claude (Lucille Belval), Ephrem (Claire Lussier), the late Roger, the late Denis, C\u00e9cile (Robert Guertin), other relatives and friends.\n\n\u00a0","exposition":{"location":"","address":"","repeater":[{"date":"","starting_hour":"","ending_hour":""}]},"ceremony":{"location":"","address":"","repeater":[{"date":"","starting_hour":"","ending_hour":""}]},"burrial":{"location":"","specific_location":"","address":"","repeater":[{"date":"","starting_hour":"","ending_hour":""}]},"reception":{"location":"","address":"","repeater":[{"date":"","starting_hour":"","ending_hour":""}]},"thanks":"","organism_list":[],"other_organisms":"","funeral_home":[666],"other_funeral_homes":"","memoriam_option":"none","memoriam_images_base_repeater":null,"memoriam_images_premium_repeater":null,"qr_plaque_option":"none","qr_plaque_quantity":0},"_links":{"self":[{"href":"https:\/\/publideces.com\/en\/wp-json\/wp\/v2\/obituary\/11896","targetHints":{"allow":["GET"]}}],"collection":[{"href":"https:\/\/publideces.com\/en\/wp-json\/wp\/v2\/obituary"}],"about":[{"href":"https:\/\/publideces.com\/en\/wp-json\/wp\/v2\/types\/obituary"}],"replies":[{"embeddable":true,"href":"https:\/\/publideces.com\/en\/wp-json\/wp\/v2\/comments?post=11896"}],"acf:post":[{"embeddable":true,"href":"https:\/\/publideces.com\/en\/wp-json\/wp\/v2\/funeral_home\/666"}],"wp:featuredmedia":[{"embeddable":true,"href":"https:\/\/publideces.com\/en\/wp-json\/wp\/v2\/media\/2134"}],"wp:attachment":[{"href":"https:\/\/publideces.com\/en\/wp-json\/wp\/v2\/media?parent=11896"}],"curies":[{"name":"wp","href":"https:\/\/api.w.org\/{rel}","templated":true}]}}

It is with sadness that we announce the passing of Mr. Lucien Daviau at the CHSLD Andrée-Perrault in Saint-Hyacinthe, on January 10, 2021, at the age of 94 and a half.

Husband of the late Bernadette Picard and the late Denise Petit, he is survived by his children; Denise (André Gauthier), Pierre (Shirley De Wolfe), Monique (Michel Gaudreault), Robert, Henri (Linda Dessureault), his grandchildren and great-grandchildren.

His brothers and sisters; the late Anita (the late René Bouthillette), the late Gabriel (Rita Laflamme), the late Armand (the late Madeleine Simoneau), the late Camille (the late Aline Dion), the late Rose-Marie (the late Lionel Morissette), the late Rose-Hélène (the late Henri-Paul Lacroix), the late Edmour (the late Marie-Claire Vermette), the late Marcel (the late Eva Roy), the late Léo-Paul (Denise Roy), the late André (Denise Martel), the late Jean-Claude (Lucille Belval), Ephrem (Claire Lussier), the late Roger, the late Denis, Cécile (Robert Guertin), other relatives and friends.
