{"id":14032,"date":"2026-08-31T17:47:55","date_gmt":"2026-08-31T21:47:55","guid":{"rendered":"https:\/\/publideces.com\/obituaries\/yvonne-graf\/"},"modified":"2026-08-31T18:29:50","modified_gmt":"2026-08-31T22:29:50","slug":"yvonne-graf","status":"publish","type":"obituary","link":"https:\/\/publideces.com\/en\/obituaries\/yvonne-graf\/","title":{"rendered":"Yvonne Graf"},"content":{"rendered":"","protected":false},"featured_media":14033,"comment_status":"open","ping_status":"closed","template":"","class_list":["post-14032","obituary","type-obituary","status-publish","has-post-thumbnail","hentry"],"acf":{"email_obituary":"myriamdionne@hotmail.com","death_place":"","obituary_birth_date":"November 13, 1937","obituary_death_date":"August 25, 2026","death_age":"89","obituary_description":"It is with deep sadness that we announce the passing of our mother, Yvonne Graf, who left us on August 25, 2026, at the age of 88.\nOriginally from Switzerland, she chose to cross the Atlantic in 1964 to start a new life in Quebec. A free, creative, and passionate woman, she was an artist driven by a thousand projects and an ever-moving imagination. \n\nAfter having journeyed through life, she finally settled in Quebec City, a city she chose as her home and where she built a large part of her life.\nShe leaves in the hearts of those who loved her the memory of a unique, curious, independent woman, deeply attached to creation.\n\nShe is survived by her daughters, Myriam Dionne (Victorin Pelletier) and Nadja Dionne (Domenico Di Molfetta), all family members residing in Switzerland and Spain, as well as her friends Bernie and Tom, Marc and Patrick, Linda and Marc, Thilde and John, Julie, Lynn, and all those who had the pleasure of knowing her.\n\nAccording to her wishes, there will be no visitation. An intimate ceremony will take place at a later date, surrounded by her loved ones. ","exposition":{"location":"","address":"","repeater":null},"ceremony":{"location":"","address":"","repeater":null},"burrial":{"location":"","specific_location":"","address":"","repeater":null},"reception":{"location":"","address":"","repeater":null},"thanks":"The family wishes to thank from the bottom of their hearts the wonderful team at the Centre d\u2019h\u00e9bergement du Bois\u00e9 de Qu\u00e9bec, including all nursing staff, recreation workers, volunteers, maintenance services, and administrative staff. Each and every one of you sows goodness around you and brings comfort and peace to families and residents. \n\nWe will never have enough words to thank you.","organism_list":[9782],"other_organisms":"","funeral_home":[666],"other_funeral_homes":"","memoriam_option":"none","memoriam_images_base_repeater":null,"memoriam_images_premium_repeater":null,"qr_plaque_option":"none","qr_plaque_quantity":0},"_links":{"self":[{"href":"https:\/\/publideces.com\/en\/wp-json\/wp\/v2\/obituary\/14032","targetHints":{"allow":["GET"]}}],"collection":[{"href":"https:\/\/publideces.com\/en\/wp-json\/wp\/v2\/obituary"}],"about":[{"href":"https:\/\/publideces.com\/en\/wp-json\/wp\/v2\/types\/obituary"}],"replies":[{"embeddable":true,"href":"https:\/\/publideces.com\/en\/wp-json\/wp\/v2\/comments?post=14032"}],"acf:post":[{"embeddable":true,"href":"https:\/\/publideces.com\/en\/wp-json\/wp\/v2\/funeral_home\/666"},{"embeddable":true,"href":"https:\/\/publideces.com\/en\/wp-json\/wp\/v2\/organism\/9782"}],"wp:featuredmedia":[{"embeddable":true,"href":"https:\/\/publideces.com\/en\/wp-json\/wp\/v2\/media\/14033"}],"wp:attachment":[{"href":"https:\/\/publideces.com\/en\/wp-json\/wp\/v2\/media?parent=14032"}],"curies":[{"name":"wp","href":"https:\/\/api.w.org\/{rel}","templated":true}]}}

The family wishes to thank from the bottom of their hearts the wonderful team at the Centre d’hébergement du Boisé de Québec, including all nursing staff, recreation workers, volunteers, maintenance services, and administrative staff. Each and every one of you sows goodness around you and brings comfort and peace to families and residents. 

We will never have enough words to thank you.
